{"id":362,"date":"2015-01-22T10:30:42","date_gmt":"2015-01-22T10:30:42","guid":{"rendered":"http:\/\/laligue53.org\/usep\/?page_id=362"},"modified":"2016-09-22T10:35:11","modified_gmt":"2016-09-22T10:35:11","slug":"athletisme","status":"publish","type":"page","link":"https:\/\/laligue53.org\/usep\/documents-pedagosiques\/athletisme\/","title":{"rendered":"Sports collectifs"},"content":{"rendered":"<p>&nbsp;<\/p>\n<blockquote class=\"wp-embedded-content\" data-secret=\"PuSdD8pQWn\"><p><a href=\"https:\/\/laligue53.org\/usep\/documents-pedagosiques\/athletisme\/vers-le-tchouk\/\">Vers le tchouk<\/a><\/p><\/blockquote>\n<p><iframe loading=\"lazy\" class=\"wp-embedded-content\" sandbox=\"allow-scripts\" security=\"restricted\" style=\"position: absolute; clip: rect(1px, 1px, 1px, 1px);\" src=\"https:\/\/laligue53.org\/usep\/documents-pedagosiques\/athletisme\/vers-le-tchouk\/embed\/#?secret=PuSdD8pQWn\" data-secret=\"PuSdD8pQWn\" width=\"600\" height=\"338\" title=\"\u00ab\u00a0Vers le tchouk\u00a0\u00bb &#8212;   Comit\u00e9 d\u00e9partemental USEP(53) Mayenne\" frameborder=\"0\" marginwidth=\"0\" marginheight=\"0\" scrolling=\"no\"><\/iframe><\/p>\n<p>&nbsp;<\/p>\n<blockquote class=\"wp-embedded-content\" data-secret=\"wfxHHuNyZU\"><p><a href=\"https:\/\/laligue53.org\/usep\/documents-pedagosiques\/athletisme\/kin-ball\/\">Kin-Ball<\/a><\/p><\/blockquote>\n<p><iframe loading=\"lazy\" class=\"wp-embedded-content\" sandbox=\"allow-scripts\" security=\"restricted\" style=\"position: absolute; clip: rect(1px, 1px, 1px, 1px);\" src=\"https:\/\/laligue53.org\/usep\/documents-pedagosiques\/athletisme\/kin-ball\/embed\/#?secret=wfxHHuNyZU\" data-secret=\"wfxHHuNyZU\" width=\"600\" height=\"338\" title=\"\u00ab\u00a0Kin-Ball\u00a0\u00bb &#8212;   Comit\u00e9 d\u00e9partemental USEP(53) Mayenne\" frameborder=\"0\" marginwidth=\"0\" marginheight=\"0\" scrolling=\"no\"><\/iframe><\/p>\n<p>&nbsp;<\/p>\n<blockquote class=\"wp-embedded-content\" data-secret=\"1tpBI3Mdwj\"><p><a href=\"https:\/\/laligue53.org\/usep\/documents-pedagosiques\/athletisme\/rugby\/\">Rugby<\/a><\/p><\/blockquote>\n<p><iframe loading=\"lazy\" class=\"wp-embedded-content\" sandbox=\"allow-scripts\" security=\"restricted\" style=\"position: absolute; clip: rect(1px, 1px, 1px, 1px);\" src=\"https:\/\/laligue53.org\/usep\/documents-pedagosiques\/athletisme\/rugby\/embed\/#?secret=1tpBI3Mdwj\" data-secret=\"1tpBI3Mdwj\" width=\"600\" height=\"338\" title=\"\u00ab\u00a0Rugby\u00a0\u00bb &#8212;   Comit\u00e9 d\u00e9partemental USEP(53) Mayenne\" frameborder=\"0\" marginwidth=\"0\" marginheight=\"0\" scrolling=\"no\"><\/iframe><\/p>\n<p>&nbsp;<\/p>\n<blockquote class=\"wp-embedded-content\" data-secret=\"WxOQlonfpg\"><p><a href=\"https:\/\/laligue53.org\/usep\/documents-pedagosiques\/athletisme\/hockey\/\">Hockey<\/a><\/p><\/blockquote>\n<p><iframe loading=\"lazy\" class=\"wp-embedded-content\" sandbox=\"allow-scripts\" security=\"restricted\" style=\"position: absolute; clip: rect(1px, 1px, 1px, 1px);\" src=\"https:\/\/laligue53.org\/usep\/documents-pedagosiques\/athletisme\/hockey\/embed\/#?secret=WxOQlonfpg\" data-secret=\"WxOQlonfpg\" width=\"600\" height=\"338\" title=\"\u00ab\u00a0Hockey\u00a0\u00bb &#8212;   Comit\u00e9 d\u00e9partemental USEP(53) Mayenne\" frameborder=\"0\" marginwidth=\"0\" marginheight=\"0\" scrolling=\"no\"><\/iframe><\/p>\n<blockquote class=\"wp-embedded-content\" data-secret=\"kDqKg9tYhX\"><p><a href=\"https:\/\/laligue53.org\/usep\/documents-pedagosiques\/athletisme\/handball\/\">Handball<\/a><\/p><\/blockquote>\n<p><iframe loading=\"lazy\" class=\"wp-embedded-content\" sandbox=\"allow-scripts\" security=\"restricted\" style=\"position: absolute; clip: rect(1px, 1px, 1px, 1px);\" src=\"https:\/\/laligue53.org\/usep\/documents-pedagosiques\/athletisme\/handball\/embed\/#?secret=kDqKg9tYhX\" data-secret=\"kDqKg9tYhX\" width=\"600\" height=\"338\" title=\"\u00ab\u00a0Handball\u00a0\u00bb &#8212;   Comit\u00e9 d\u00e9partemental USEP(53) Mayenne\" frameborder=\"0\" marginwidth=\"0\" marginheight=\"0\" scrolling=\"no\"><\/iframe><\/p>\n","protected":false},"excerpt":{"rendered":"<p>&nbsp; Vers le tchouk &nbsp; Kin-Ball &nbsp; Rugby &nbsp; Hockey Handball<\/p>\n<p class=\"continue-reading-button\"> <a class=\"continue-reading-link\" href=\"https:\/\/laligue53.org\/usep\/documents-pedagosiques\/athletisme\/\">Lire la suite<i class=\"crycon-right-dir\"><\/i><\/a><\/p>\n","protected":false},"author":1,"featured_media":0,"parent":315,"menu_order":0,"comment_status":"closed","ping_status":"open","template":"","meta":{"footnotes":""},"class_list":["post-362","page","type-page","status-publish","hentry"],"yoast_head":"<!-- This site is optimized with the Yoast SEO plugin v19.6.1 - https:\/\/yoast.com\/wordpress\/plugins\/seo\/ -->\n<title>Sports collectifs - Comit\u00e9 d\u00e9partemental USEP(53) Mayenne<\/title>\n<meta name=\"robots\" content=\"index, follow, max-snippet:-1, max-image-preview:large, max-video-preview:-1\" \/>\n<link rel=\"canonical\" href=\"https:\/\/laligue53.org\/usep\/documents-pedagosiques\/athletisme\/\" \/>\n<meta property=\"og:locale\" content=\"fr_FR\" \/>\n<meta property=\"og:type\" content=\"article\" \/>\n<meta property=\"og:title\" content=\"Sports collectifs - Comit\u00e9 d\u00e9partemental USEP(53) Mayenne\" \/>\n<meta property=\"og:description\" content=\"&nbsp; Vers le tchouk &nbsp; Kin-Ball &nbsp; Rugby &nbsp; Hockey Handball Lire la suite\" \/>\n<meta property=\"og:url\" content=\"https:\/\/laligue53.org\/usep\/documents-pedagosiques\/athletisme\/\" \/>\n<meta property=\"og:site_name\" content=\"Comit\u00e9 d\u00e9partemental USEP(53) Mayenne\" \/>\n<meta property=\"article:modified_time\" content=\"2016-09-22T10:35:11+00:00\" \/>\n<script type=\"application\/ld+json\" class=\"yoast-schema-graph\">{\"@context\":\"https:\/\/schema.org\",\"@graph\":[{\"@type\":\"WebPage\",\"@id\":\"https:\/\/laligue53.org\/usep\/documents-pedagosiques\/athletisme\/\",\"url\":\"https:\/\/laligue53.org\/usep\/documents-pedagosiques\/athletisme\/\",\"name\":\"Sports collectifs - Comit\u00e9 d\u00e9partemental USEP(53) Mayenne\",\"isPartOf\":{\"@id\":\"https:\/\/laligue53.org\/usep\/#website\"},\"datePublished\":\"2015-01-22T10:30:42+00:00\",\"dateModified\":\"2016-09-22T10:35:11+00:00\",\"breadcrumb\":{\"@id\":\"https:\/\/laligue53.org\/usep\/documents-pedagosiques\/athletisme\/#breadcrumb\"},\"inLanguage\":\"fr-FR\",\"potentialAction\":[{\"@type\":\"ReadAction\",\"target\":[\"https:\/\/laligue53.org\/usep\/documents-pedagosiques\/athletisme\/\"]}]},{\"@type\":\"BreadcrumbList\",\"@id\":\"https:\/\/laligue53.org\/usep\/documents-pedagosiques\/athletisme\/#breadcrumb\",\"itemListElement\":[{\"@type\":\"ListItem\",\"position\":1,\"name\":\"Accueil\",\"item\":\"https:\/\/laligue53.org\/usep\/\"},{\"@type\":\"ListItem\",\"position\":2,\"name\":\"Dynamique Sportive (documents p\u00e9dagogiques)\",\"item\":\"https:\/\/laligue53.org\/usep\/documents-pedagosiques\/\"},{\"@type\":\"ListItem\",\"position\":3,\"name\":\"Sports collectifs\"}]},{\"@type\":\"WebSite\",\"@id\":\"https:\/\/laligue53.org\/usep\/#website\",\"url\":\"https:\/\/laligue53.org\/usep\/\",\"name\":\"Comit\u00e9 d\u00e9partemental USEP(53) Mayenne\",\"description\":\"USEP 53 l&#039;Union Sportive de l&#039;Enseignement du Premier degr\u00e9\",\"potentialAction\":[{\"@type\":\"SearchAction\",\"target\":{\"@type\":\"EntryPoint\",\"urlTemplate\":\"https:\/\/laligue53.org\/usep\/?s={search_term_string}\"},\"query-input\":\"required name=search_term_string\"}],\"inLanguage\":\"fr-FR\"}]}<\/script>\n<!-- \/ Yoast SEO plugin. -->","yoast_head_json":{"title":"Sports collectifs - Comit\u00e9 d\u00e9partemental USEP(53) Mayenne","robots":{"index":"index","follow":"follow","max-snippet":"max-snippet:-1","max-image-preview":"max-image-preview:large","max-video-preview":"max-video-preview:-1"},"canonical":"https:\/\/laligue53.org\/usep\/documents-pedagosiques\/athletisme\/","og_locale":"fr_FR","og_type":"article","og_title":"Sports collectifs - Comit\u00e9 d\u00e9partemental USEP(53) Mayenne","og_description":"&nbsp; Vers le tchouk &nbsp; Kin-Ball &nbsp; Rugby &nbsp; Hockey Handball Lire la suite","og_url":"https:\/\/laligue53.org\/usep\/documents-pedagosiques\/athletisme\/","og_site_name":"Comit\u00e9 d\u00e9partemental USEP(53) Mayenne","article_modified_time":"2016-09-22T10:35:11+00:00","schema":{"@context":"https:\/\/schema.org","@graph":[{"@type":"WebPage","@id":"https:\/\/laligue53.org\/usep\/documents-pedagosiques\/athletisme\/","url":"https:\/\/laligue53.org\/usep\/documents-pedagosiques\/athletisme\/","name":"Sports collectifs - Comit\u00e9 d\u00e9partemental USEP(53) Mayenne","isPartOf":{"@id":"https:\/\/laligue53.org\/usep\/#website"},"datePublished":"2015-01-22T10:30:42+00:00","dateModified":"2016-09-22T10:35:11+00:00","breadcrumb":{"@id":"https:\/\/laligue53.org\/usep\/documents-pedagosiques\/athletisme\/#breadcrumb"},"inLanguage":"fr-FR","potentialAction":[{"@type":"ReadAction","target":["https:\/\/laligue53.org\/usep\/documents-pedagosiques\/athletisme\/"]}]},{"@type":"BreadcrumbList","@id":"https:\/\/laligue53.org\/usep\/documents-pedagosiques\/athletisme\/#breadcrumb","itemListElement":[{"@type":"ListItem","position":1,"name":"Accueil","item":"https:\/\/laligue53.org\/usep\/"},{"@type":"ListItem","position":2,"name":"Dynamique Sportive (documents p\u00e9dagogiques)","item":"https:\/\/laligue53.org\/usep\/documents-pedagosiques\/"},{"@type":"ListItem","position":3,"name":"Sports collectifs"}]},{"@type":"WebSite","@id":"https:\/\/laligue53.org\/usep\/#website","url":"https:\/\/laligue53.org\/usep\/","name":"Comit\u00e9 d\u00e9partemental USEP(53) Mayenne","description":"USEP 53 l&#039;Union Sportive de l&#039;Enseignement du Premier degr\u00e9","potentialAction":[{"@type":"SearchAction","target":{"@type":"EntryPoint","urlTemplate":"https:\/\/laligue53.org\/usep\/?s={search_term_string}"},"query-input":"required name=search_term_string"}],"inLanguage":"fr-FR"}]}},"_links":{"self":[{"href":"https:\/\/laligue53.org\/usep\/wp-json\/wp\/v2\/pages\/362"}],"collection":[{"href":"https:\/\/laligue53.org\/usep\/wp-json\/wp\/v2\/pages"}],"about":[{"href":"https:\/\/laligue53.org\/usep\/wp-json\/wp\/v2\/types\/page"}],"author":[{"embeddable":true,"href":"https:\/\/laligue53.org\/usep\/wp-json\/wp\/v2\/users\/1"}],"replies":[{"embeddable":true,"href":"https:\/\/laligue53.org\/usep\/wp-json\/wp\/v2\/comments?post=362"}],"version-history":[{"count":10,"href":"https:\/\/laligue53.org\/usep\/wp-json\/wp\/v2\/pages\/362\/revisions"}],"predecessor-version":[{"id":861,"href":"https:\/\/laligue53.org\/usep\/wp-json\/wp\/v2\/pages\/362\/revisions\/861"}],"up":[{"embeddable":true,"href":"https:\/\/laligue53.org\/usep\/wp-json\/wp\/v2\/pages\/315"}],"wp:attachment":[{"href":"https:\/\/laligue53.org\/usep\/wp-json\/wp\/v2\/media?parent=362"}],"curies":[{"name":"wp","href":"https:\/\/api.w.org\/{rel}","templated":true}]}}