{"id":346,"date":"2015-01-22T10:15:15","date_gmt":"2015-01-22T10:15:15","guid":{"rendered":"http:\/\/laligue53.org\/usep\/?page_id=346"},"modified":"2016-10-04T14:04:37","modified_gmt":"2016-10-04T14:04:37","slug":"escrime","status":"publish","type":"page","link":"https:\/\/laligue53.org\/usep\/documents-pedagosiques\/jeux-dopposition-duel\/escrime\/","title":{"rendered":"Escrime"},"content":{"rendered":"<p><span style=\"color: #000000;\"><a style=\"color: #000000;\" href=\"http:\/\/laligue53.org\/usep53\/Vers_l%27ESCRIME_2010_Mayenne.pdf\" target=\"_blank\">Unit\u00e9 d&rsquo;apprentissage escrime Mayenne<\/a><\/span><\/p>\n<p><span style=\"color: #000000;\"><a style=\"color: #000000;\" href=\"http:\/\/laligue53.org\/usep53\/UAAveyron.pdf\" target=\"_blank\">Unit\u00e9 d&rsquo;apprentissage escrime Aveyron<\/a><\/span><\/p>\n<p><span style=\"color: #000000;\"><a style=\"color: #000000;\" href=\"http:\/\/laligue53.org\/usep53\/BrochreEscrime_Guide1.pdf\" target=\"_blank\">L&rsquo; escrime \u00e0 l&rsquo;\u00e9cole primaire FFE (1)<\/a> \u00a0<\/span><\/p>\n<p><span style=\"color: #000000;\"><a style=\"color: #000000;\" href=\"http:\/\/laligue53.org\/usep53\/BrochreEscrime_Sequences2.pdf\" target=\"_blank\">L&rsquo;escrime \u00e0 l&rsquo;\u00e9cole primaire FFE (2)<\/a><\/span><\/p>\n<p><span style=\"color: #000000;\"><a style=\"color: #000000;\" href=\"http:\/\/laligue53.org\/usep53\/Thematiques_culturellesEscrime-toi-10-09.pdf\" target=\"_blank\">Th\u00e9matique culturelle<\/a><\/span><\/p>\n<p><span style=\"color: #000000;\"><a style=\"color: #000000;\" href=\"http:\/\/laligue53.org\/usep53\/Roman_photo_un_duel_d%27autrefois.pdf\" target=\"_blank\">Axe culturel 1<\/a><\/span><\/p>\n<p><span style=\"color: #000000;\"><a style=\"color: #000000;\" href=\"http:\/\/laligue53.org\/usep53\/Moi-j%27aime-gagner.pdf\" target=\"_blank\">Livre \u00ab\u00a0Moi j&rsquo;aime gagner\u00a0\u00bb<\/a><\/span><\/p>\n<p><span style=\"color: #000000;\"><a style=\"color: #000000;\" href=\"http:\/\/laligue53.org\/usep53\/fiche-lecture-Moi-j%27aime-gagner.doc\" target=\"_blank\">Fiche de lecture \u00ab\u00a0Moi j&rsquo;aime gagner\u00a0\u00bb<\/a><\/span><\/p>\n<p><a href=\"http:\/\/laligue53.org\/usep\/wp-content\/uploads\/2016\/10\/feuille-de-poule-a-jour.pdf\">Feuille de rencontre<\/a><\/p>\n<p><a href=\"http:\/\/laligue53.org\/usep\/wp-content\/uploads\/2016\/10\/simulation-feuille-de-poule-2.pdf\">Simulation feuille de Rencontre<\/a><\/p>\n<p>&nbsp;<\/p>\n<p><iframe loading=\"lazy\" frameborder=\"0\" width=\"900\" height=\"675\" src=\"https:\/\/www.dailymotion.com\/embed\/video\/xhl7nm\" allowfullscreen><\/iframe><\/p>\n<p>&nbsp;<\/p>\n<p><iframe loading=\"lazy\" frameborder=\"0\" width=\"900\" height=\"675\" src=\"https:\/\/www.dailymotion.com\/embed\/video\/xf7sjx\" allowfullscreen><\/iframe><\/p>\n<p><iframe loading=\"lazy\" frameborder=\"0\" width=\"900\" height=\"675\" src=\"https:\/\/www.dailymotion.com\/embed\/video\/xf7ssk\" allowfullscreen><\/iframe><\/p>\n<p>&nbsp;<\/p>\n","protected":false},"excerpt":{"rendered":"<p>Unit\u00e9 d&rsquo;apprentissage escrime Mayenne Unit\u00e9 d&rsquo;apprentissage escrime Aveyron L&rsquo; escrime \u00e0 l&rsquo;\u00e9cole primaire FFE (1) \u00a0 L&rsquo;escrime \u00e0 l&rsquo;\u00e9cole primaire FFE (2) Th\u00e9matique culturelle Axe culturel 1 Livre \u00ab\u00a0Moi j&rsquo;aime gagner\u00a0\u00bb Fiche de lecture \u00ab\u00a0Moi [\u2026]<\/p>\n<p class=\"continue-reading-button\"> <a class=\"continue-reading-link\" href=\"https:\/\/laligue53.org\/usep\/documents-pedagosiques\/jeux-dopposition-duel\/escrime\/\">Lire la suite<i class=\"crycon-right-dir\"><\/i><\/a><\/p>\n","protected":false},"author":1,"featured_media":0,"parent":702,"menu_order":0,"comment_status":"closed","ping_status":"open","template":"","meta":{"footnotes":""},"class_list":["post-346","page","type-page","status-publish","hentry"],"yoast_head":"<!-- This site is optimized with the Yoast SEO plugin v19.6.1 - https:\/\/yoast.com\/wordpress\/plugins\/seo\/ -->\n<title>Escrime - Comit\u00e9 d\u00e9partemental USEP(53) Mayenne<\/title>\n<meta name=\"robots\" content=\"index, follow, max-snippet:-1, max-image-preview:large, max-video-preview:-1\" \/>\n<link rel=\"canonical\" href=\"https:\/\/laligue53.org\/usep\/documents-pedagosiques\/jeux-dopposition-duel\/escrime\/\" \/>\n<meta property=\"og:locale\" content=\"fr_FR\" \/>\n<meta property=\"og:type\" content=\"article\" \/>\n<meta property=\"og:title\" content=\"Escrime - Comit\u00e9 d\u00e9partemental USEP(53) Mayenne\" \/>\n<meta property=\"og:description\" content=\"Unit\u00e9 d&rsquo;apprentissage escrime Mayenne Unit\u00e9 d&rsquo;apprentissage escrime Aveyron L&rsquo; escrime \u00e0 l&rsquo;\u00e9cole primaire FFE (1) \u00a0 L&rsquo;escrime \u00e0 l&rsquo;\u00e9cole primaire FFE (2) Th\u00e9matique culturelle Axe culturel 1 Livre \u00ab\u00a0Moi j&rsquo;aime gagner\u00a0\u00bb Fiche de lecture \u00ab\u00a0Moi [\u2026] Lire la suite\" \/>\n<meta property=\"og:url\" content=\"https:\/\/laligue53.org\/usep\/documents-pedagosiques\/jeux-dopposition-duel\/escrime\/\" \/>\n<meta property=\"og:site_name\" content=\"Comit\u00e9 d\u00e9partemental USEP(53) Mayenne\" \/>\n<meta property=\"article:modified_time\" content=\"2016-10-04T14:04:37+00:00\" \/>\n<script type=\"application\/ld+json\" class=\"yoast-schema-graph\">{\"@context\":\"https:\/\/schema.org\",\"@graph\":[{\"@type\":\"WebPage\",\"@id\":\"https:\/\/laligue53.org\/usep\/documents-pedagosiques\/jeux-dopposition-duel\/escrime\/\",\"url\":\"https:\/\/laligue53.org\/usep\/documents-pedagosiques\/jeux-dopposition-duel\/escrime\/\",\"name\":\"Escrime - Comit\u00e9 d\u00e9partemental USEP(53) Mayenne\",\"isPartOf\":{\"@id\":\"https:\/\/laligue53.org\/usep\/#website\"},\"datePublished\":\"2015-01-22T10:15:15+00:00\",\"dateModified\":\"2016-10-04T14:04:37+00:00\",\"breadcrumb\":{\"@id\":\"https:\/\/laligue53.org\/usep\/documents-pedagosiques\/jeux-dopposition-duel\/escrime\/#breadcrumb\"},\"inLanguage\":\"fr-FR\",\"potentialAction\":[{\"@type\":\"ReadAction\",\"target\":[\"https:\/\/laligue53.org\/usep\/documents-pedagosiques\/jeux-dopposition-duel\/escrime\/\"]}]},{\"@type\":\"BreadcrumbList\",\"@id\":\"https:\/\/laligue53.org\/usep\/documents-pedagosiques\/jeux-dopposition-duel\/escrime\/#breadcrumb\",\"itemListElement\":[{\"@type\":\"ListItem\",\"position\":1,\"name\":\"Accueil\",\"item\":\"https:\/\/laligue53.org\/usep\/\"},{\"@type\":\"ListItem\",\"position\":2,\"name\":\"Dynamique Sportive (documents p\u00e9dagogiques)\",\"item\":\"https:\/\/laligue53.org\/usep\/documents-pedagosiques\/\"},{\"@type\":\"ListItem\",\"position\":3,\"name\":\"Jeux d&rsquo;opposition duel\",\"item\":\"https:\/\/laligue53.org\/usep\/documents-pedagosiques\/jeux-dopposition-duel\/\"},{\"@type\":\"ListItem\",\"position\":4,\"name\":\"Escrime\"}]},{\"@type\":\"WebSite\",\"@id\":\"https:\/\/laligue53.org\/usep\/#website\",\"url\":\"https:\/\/laligue53.org\/usep\/\",\"name\":\"Comit\u00e9 d\u00e9partemental USEP(53) Mayenne\",\"description\":\"USEP 53 l&#039;Union Sportive de l&#039;Enseignement du Premier degr\u00e9\",\"potentialAction\":[{\"@type\":\"SearchAction\",\"target\":{\"@type\":\"EntryPoint\",\"urlTemplate\":\"https:\/\/laligue53.org\/usep\/?s={search_term_string}\"},\"query-input\":\"required name=search_term_string\"}],\"inLanguage\":\"fr-FR\"}]}<\/script>\n<!-- \/ Yoast SEO plugin. -->","yoast_head_json":{"title":"Escrime - Comit\u00e9 d\u00e9partemental USEP(53) Mayenne","robots":{"index":"index","follow":"follow","max-snippet":"max-snippet:-1","max-image-preview":"max-image-preview:large","max-video-preview":"max-video-preview:-1"},"canonical":"https:\/\/laligue53.org\/usep\/documents-pedagosiques\/jeux-dopposition-duel\/escrime\/","og_locale":"fr_FR","og_type":"article","og_title":"Escrime - Comit\u00e9 d\u00e9partemental USEP(53) Mayenne","og_description":"Unit\u00e9 d&rsquo;apprentissage escrime Mayenne Unit\u00e9 d&rsquo;apprentissage escrime Aveyron L&rsquo; escrime \u00e0 l&rsquo;\u00e9cole primaire FFE (1) \u00a0 L&rsquo;escrime \u00e0 l&rsquo;\u00e9cole primaire FFE (2) Th\u00e9matique culturelle Axe culturel 1 Livre \u00ab\u00a0Moi j&rsquo;aime gagner\u00a0\u00bb Fiche de lecture \u00ab\u00a0Moi [\u2026] Lire la suite","og_url":"https:\/\/laligue53.org\/usep\/documents-pedagosiques\/jeux-dopposition-duel\/escrime\/","og_site_name":"Comit\u00e9 d\u00e9partemental USEP(53) Mayenne","article_modified_time":"2016-10-04T14:04:37+00:00","schema":{"@context":"https:\/\/schema.org","@graph":[{"@type":"WebPage","@id":"https:\/\/laligue53.org\/usep\/documents-pedagosiques\/jeux-dopposition-duel\/escrime\/","url":"https:\/\/laligue53.org\/usep\/documents-pedagosiques\/jeux-dopposition-duel\/escrime\/","name":"Escrime - Comit\u00e9 d\u00e9partemental USEP(53) Mayenne","isPartOf":{"@id":"https:\/\/laligue53.org\/usep\/#website"},"datePublished":"2015-01-22T10:15:15+00:00","dateModified":"2016-10-04T14:04:37+00:00","breadcrumb":{"@id":"https:\/\/laligue53.org\/usep\/documents-pedagosiques\/jeux-dopposition-duel\/escrime\/#breadcrumb"},"inLanguage":"fr-FR","potentialAction":[{"@type":"ReadAction","target":["https:\/\/laligue53.org\/usep\/documents-pedagosiques\/jeux-dopposition-duel\/escrime\/"]}]},{"@type":"BreadcrumbList","@id":"https:\/\/laligue53.org\/usep\/documents-pedagosiques\/jeux-dopposition-duel\/escrime\/#breadcrumb","itemListElement":[{"@type":"ListItem","position":1,"name":"Accueil","item":"https:\/\/laligue53.org\/usep\/"},{"@type":"ListItem","position":2,"name":"Dynamique Sportive (documents p\u00e9dagogiques)","item":"https:\/\/laligue53.org\/usep\/documents-pedagosiques\/"},{"@type":"ListItem","position":3,"name":"Jeux d&rsquo;opposition duel","item":"https:\/\/laligue53.org\/usep\/documents-pedagosiques\/jeux-dopposition-duel\/"},{"@type":"ListItem","position":4,"name":"Escrime"}]},{"@type":"WebSite","@id":"https:\/\/laligue53.org\/usep\/#website","url":"https:\/\/laligue53.org\/usep\/","name":"Comit\u00e9 d\u00e9partemental USEP(53) Mayenne","description":"USEP 53 l&#039;Union Sportive de l&#039;Enseignement du Premier degr\u00e9","potentialAction":[{"@type":"SearchAction","target":{"@type":"EntryPoint","urlTemplate":"https:\/\/laligue53.org\/usep\/?s={search_term_string}"},"query-input":"required name=search_term_string"}],"inLanguage":"fr-FR"}]}},"_links":{"self":[{"href":"https:\/\/laligue53.org\/usep\/wp-json\/wp\/v2\/pages\/346"}],"collection":[{"href":"https:\/\/laligue53.org\/usep\/wp-json\/wp\/v2\/pages"}],"about":[{"href":"https:\/\/laligue53.org\/usep\/wp-json\/wp\/v2\/types\/page"}],"author":[{"embeddable":true,"href":"https:\/\/laligue53.org\/usep\/wp-json\/wp\/v2\/users\/1"}],"replies":[{"embeddable":true,"href":"https:\/\/laligue53.org\/usep\/wp-json\/wp\/v2\/comments?post=346"}],"version-history":[{"count":11,"href":"https:\/\/laligue53.org\/usep\/wp-json\/wp\/v2\/pages\/346\/revisions"}],"predecessor-version":[{"id":892,"href":"https:\/\/laligue53.org\/usep\/wp-json\/wp\/v2\/pages\/346\/revisions\/892"}],"up":[{"embeddable":true,"href":"https:\/\/laligue53.org\/usep\/wp-json\/wp\/v2\/pages\/702"}],"wp:attachment":[{"href":"https:\/\/laligue53.org\/usep\/wp-json\/wp\/v2\/media?parent=346"}],"curies":[{"name":"wp","href":"https:\/\/api.w.org\/{rel}","templated":true}]}}