{"id":315,"date":"2015-01-21T15:46:09","date_gmt":"2015-01-21T15:46:09","guid":{"rendered":"http:\/\/laligue53.org\/usep\/?page_id=315"},"modified":"2016-09-20T13:02:26","modified_gmt":"2016-09-20T13:02:26","slug":"documents-pedagosiques","status":"publish","type":"page","link":"https:\/\/laligue53.org\/usep\/documents-pedagosiques\/","title":{"rendered":"Dynamique Sportive (documents p\u00e9dagogiques)"},"content":{"rendered":"<blockquote class=\"wp-embedded-content\" data-secret=\"Yn4ZNVOuiy\"><p><a href=\"https:\/\/laligue53.org\/usep\/documents-pedagosiques\/athletisme\/\">Sports collectifs<\/a><\/p><\/blockquote>\n<p><iframe loading=\"lazy\" class=\"wp-embedded-content\" sandbox=\"allow-scripts\" security=\"restricted\" style=\"position: absolute; clip: rect(1px, 1px, 1px, 1px);\" title=\"\u00ab\u00a0Sports collectifs\u00a0\u00bb &#8212; Comit\u00e9 d\u00e9partemental USEP(53) Mayenne\" src=\"https:\/\/laligue53.org\/usep\/documents-pedagosiques\/athletisme\/embed\/#?secret=FR131cQrVg#?secret=Yn4ZNVOuiy\" data-secret=\"Yn4ZNVOuiy\" width=\"600\" height=\"338\" frameborder=\"0\" marginwidth=\"0\" marginheight=\"0\" scrolling=\"no\"><\/iframe><\/p>\n<blockquote class=\"wp-embedded-content\" data-secret=\"qohovsW77H\"><p><a href=\"https:\/\/laligue53.org\/usep\/documents-pedagosiques\/course-dorientation\/\">Course d&rsquo;Orientation<\/a><\/p><\/blockquote>\n<p><iframe loading=\"lazy\" class=\"wp-embedded-content\" sandbox=\"allow-scripts\" security=\"restricted\" style=\"position: absolute; clip: rect(1px, 1px, 1px, 1px);\" title=\"\u00ab\u00a0Course d&rsquo;Orientation\u00a0\u00bb &#8212; Comit\u00e9 d\u00e9partemental USEP(53) Mayenne\" src=\"https:\/\/laligue53.org\/usep\/documents-pedagosiques\/course-dorientation\/embed\/#?secret=Jh01urfSTZ#?secret=qohovsW77H\" data-secret=\"qohovsW77H\" width=\"600\" height=\"338\" frameborder=\"0\" marginwidth=\"0\" marginheight=\"0\" scrolling=\"no\"><\/iframe><\/p>\n<blockquote class=\"wp-embedded-content\" data-secret=\"awri6qPQSi\"><p><a href=\"https:\/\/laligue53.org\/usep\/documents-pedagosiques\/jeux-dopposition-duel\/\">Jeux d&rsquo;opposition duel<\/a><\/p><\/blockquote>\n<p><iframe loading=\"lazy\" class=\"wp-embedded-content\" sandbox=\"allow-scripts\" security=\"restricted\" style=\"position: absolute; clip: rect(1px, 1px, 1px, 1px);\" title=\"\u00ab\u00a0Jeux d&rsquo;opposition duel\u00a0\u00bb &#8212; Comit\u00e9 d\u00e9partemental USEP(53) Mayenne\" src=\"https:\/\/laligue53.org\/usep\/documents-pedagosiques\/jeux-dopposition-duel\/embed\/#?secret=7SeXf0dge2#?secret=awri6qPQSi\" data-secret=\"awri6qPQSi\" width=\"600\" height=\"338\" frameborder=\"0\" marginwidth=\"0\" marginheight=\"0\" scrolling=\"no\"><\/iframe><\/p>\n<blockquote class=\"wp-embedded-content\" data-secret=\"abdFx2gfEu\"><p><a href=\"https:\/\/laligue53.org\/usep\/documents-pedagosiques\/badminton\/\">Les jeux de renvoi<\/a><\/p><\/blockquote>\n<p><iframe loading=\"lazy\" class=\"wp-embedded-content\" sandbox=\"allow-scripts\" security=\"restricted\" style=\"position: absolute; clip: rect(1px, 1px, 1px, 1px);\" title=\"\u00ab\u00a0Les jeux de renvoi\u00a0\u00bb &#8212; Comit\u00e9 d\u00e9partemental USEP(53) Mayenne\" src=\"https:\/\/laligue53.org\/usep\/documents-pedagosiques\/badminton\/embed\/#?secret=y7bCG62Hte#?secret=abdFx2gfEu\" data-secret=\"abdFx2gfEu\" width=\"600\" height=\"338\" frameborder=\"0\" marginwidth=\"0\" marginheight=\"0\" scrolling=\"no\"><\/iframe><\/p>\n<blockquote class=\"wp-embedded-content\" data-secret=\"XwtwMCLcN8\"><p><a href=\"https:\/\/laligue53.org\/usep\/documents-pedagosiques\/rencontres-athletiques\/\">Rencontres athl\u00e9tiques<\/a><\/p><\/blockquote>\n<p><iframe loading=\"lazy\" class=\"wp-embedded-content\" sandbox=\"allow-scripts\" security=\"restricted\" style=\"position: absolute; clip: rect(1px, 1px, 1px, 1px);\" title=\"\u00ab\u00a0Rencontres athl\u00e9tiques\u00a0\u00bb &#8212; Comit\u00e9 d\u00e9partemental USEP(53) Mayenne\" src=\"https:\/\/laligue53.org\/usep\/documents-pedagosiques\/rencontres-athletiques\/embed\/#?secret=DsspEl8i2f#?secret=XwtwMCLcN8\" data-secret=\"XwtwMCLcN8\" width=\"600\" height=\"338\" frameborder=\"0\" marginwidth=\"0\" marginheight=\"0\" scrolling=\"no\"><\/iframe><\/p>\n","protected":false},"excerpt":{"rendered":"<p>Sports collectifs Course d&rsquo;Orientation Jeux d&rsquo;opposition duel Les jeux de renvoi Rencontres athl\u00e9tiques<\/p>\n<p class=\"continue-reading-button\"> <a class=\"continue-reading-link\" href=\"https:\/\/laligue53.org\/usep\/documents-pedagosiques\/\">Lire la suite<i class=\"crycon-right-dir\"><\/i><\/a><\/p>\n","protected":false},"author":1,"featured_media":0,"parent":0,"menu_order":0,"comment_status":"closed","ping_status":"open","template":"","meta":{"footnotes":""},"class_list":["post-315","page","type-page","status-publish","hentry"],"yoast_head":"<!-- This site is optimized with the Yoast SEO plugin v19.6.1 - https:\/\/yoast.com\/wordpress\/plugins\/seo\/ -->\n<title>Dynamique Sportive (documents p\u00e9dagogiques) - Comit\u00e9 d\u00e9partemental USEP(53) Mayenne<\/title>\n<meta name=\"robots\" content=\"index, follow, max-snippet:-1, max-image-preview:large, max-video-preview:-1\" \/>\n<link rel=\"canonical\" href=\"https:\/\/laligue53.org\/usep\/documents-pedagosiques\/\" \/>\n<meta property=\"og:locale\" content=\"fr_FR\" \/>\n<meta property=\"og:type\" content=\"article\" \/>\n<meta property=\"og:title\" content=\"Dynamique Sportive (documents p\u00e9dagogiques) - Comit\u00e9 d\u00e9partemental USEP(53) Mayenne\" \/>\n<meta property=\"og:description\" content=\"Sports collectifs Course d&rsquo;Orientation Jeux d&rsquo;opposition duel Les jeux de renvoi Rencontres athl\u00e9tiques Lire la suite\" \/>\n<meta property=\"og:url\" content=\"https:\/\/laligue53.org\/usep\/documents-pedagosiques\/\" \/>\n<meta property=\"og:site_name\" content=\"Comit\u00e9 d\u00e9partemental USEP(53) Mayenne\" \/>\n<meta property=\"article:modified_time\" content=\"2016-09-20T13:02:26+00:00\" \/>\n<script type=\"application\/ld+json\" class=\"yoast-schema-graph\">{\"@context\":\"https:\/\/schema.org\",\"@graph\":[{\"@type\":\"WebPage\",\"@id\":\"https:\/\/laligue53.org\/usep\/documents-pedagosiques\/\",\"url\":\"https:\/\/laligue53.org\/usep\/documents-pedagosiques\/\",\"name\":\"Dynamique Sportive (documents p\u00e9dagogiques) - Comit\u00e9 d\u00e9partemental USEP(53) Mayenne\",\"isPartOf\":{\"@id\":\"https:\/\/laligue53.org\/usep\/#website\"},\"datePublished\":\"2015-01-21T15:46:09+00:00\",\"dateModified\":\"2016-09-20T13:02:26+00:00\",\"breadcrumb\":{\"@id\":\"https:\/\/laligue53.org\/usep\/documents-pedagosiques\/#breadcrumb\"},\"inLanguage\":\"fr-FR\",\"potentialAction\":[{\"@type\":\"ReadAction\",\"target\":[\"https:\/\/laligue53.org\/usep\/documents-pedagosiques\/\"]}]},{\"@type\":\"BreadcrumbList\",\"@id\":\"https:\/\/laligue53.org\/usep\/documents-pedagosiques\/#breadcrumb\",\"itemListElement\":[{\"@type\":\"ListItem\",\"position\":1,\"name\":\"Accueil\",\"item\":\"https:\/\/laligue53.org\/usep\/\"},{\"@type\":\"ListItem\",\"position\":2,\"name\":\"Dynamique Sportive (documents p\u00e9dagogiques)\"}]},{\"@type\":\"WebSite\",\"@id\":\"https:\/\/laligue53.org\/usep\/#website\",\"url\":\"https:\/\/laligue53.org\/usep\/\",\"name\":\"Comit\u00e9 d\u00e9partemental USEP(53) Mayenne\",\"description\":\"USEP 53 l&#039;Union Sportive de l&#039;Enseignement du Premier degr\u00e9\",\"potentialAction\":[{\"@type\":\"SearchAction\",\"target\":{\"@type\":\"EntryPoint\",\"urlTemplate\":\"https:\/\/laligue53.org\/usep\/?s={search_term_string}\"},\"query-input\":\"required name=search_term_string\"}],\"inLanguage\":\"fr-FR\"}]}<\/script>\n<!-- \/ Yoast SEO plugin. -->","yoast_head_json":{"title":"Dynamique Sportive (documents p\u00e9dagogiques) - Comit\u00e9 d\u00e9partemental USEP(53) Mayenne","robots":{"index":"index","follow":"follow","max-snippet":"max-snippet:-1","max-image-preview":"max-image-preview:large","max-video-preview":"max-video-preview:-1"},"canonical":"https:\/\/laligue53.org\/usep\/documents-pedagosiques\/","og_locale":"fr_FR","og_type":"article","og_title":"Dynamique Sportive (documents p\u00e9dagogiques) - Comit\u00e9 d\u00e9partemental USEP(53) Mayenne","og_description":"Sports collectifs Course d&rsquo;Orientation Jeux d&rsquo;opposition duel Les jeux de renvoi Rencontres athl\u00e9tiques Lire la suite","og_url":"https:\/\/laligue53.org\/usep\/documents-pedagosiques\/","og_site_name":"Comit\u00e9 d\u00e9partemental USEP(53) Mayenne","article_modified_time":"2016-09-20T13:02:26+00:00","schema":{"@context":"https:\/\/schema.org","@graph":[{"@type":"WebPage","@id":"https:\/\/laligue53.org\/usep\/documents-pedagosiques\/","url":"https:\/\/laligue53.org\/usep\/documents-pedagosiques\/","name":"Dynamique Sportive (documents p\u00e9dagogiques) - Comit\u00e9 d\u00e9partemental USEP(53) Mayenne","isPartOf":{"@id":"https:\/\/laligue53.org\/usep\/#website"},"datePublished":"2015-01-21T15:46:09+00:00","dateModified":"2016-09-20T13:02:26+00:00","breadcrumb":{"@id":"https:\/\/laligue53.org\/usep\/documents-pedagosiques\/#breadcrumb"},"inLanguage":"fr-FR","potentialAction":[{"@type":"ReadAction","target":["https:\/\/laligue53.org\/usep\/documents-pedagosiques\/"]}]},{"@type":"BreadcrumbList","@id":"https:\/\/laligue53.org\/usep\/documents-pedagosiques\/#breadcrumb","itemListElement":[{"@type":"ListItem","position":1,"name":"Accueil","item":"https:\/\/laligue53.org\/usep\/"},{"@type":"ListItem","position":2,"name":"Dynamique Sportive (documents p\u00e9dagogiques)"}]},{"@type":"WebSite","@id":"https:\/\/laligue53.org\/usep\/#website","url":"https:\/\/laligue53.org\/usep\/","name":"Comit\u00e9 d\u00e9partemental USEP(53) Mayenne","description":"USEP 53 l&#039;Union Sportive de l&#039;Enseignement du Premier degr\u00e9","potentialAction":[{"@type":"SearchAction","target":{"@type":"EntryPoint","urlTemplate":"https:\/\/laligue53.org\/usep\/?s={search_term_string}"},"query-input":"required name=search_term_string"}],"inLanguage":"fr-FR"}]}},"_links":{"self":[{"href":"https:\/\/laligue53.org\/usep\/wp-json\/wp\/v2\/pages\/315"}],"collection":[{"href":"https:\/\/laligue53.org\/usep\/wp-json\/wp\/v2\/pages"}],"about":[{"href":"https:\/\/laligue53.org\/usep\/wp-json\/wp\/v2\/types\/page"}],"author":[{"embeddable":true,"href":"https:\/\/laligue53.org\/usep\/wp-json\/wp\/v2\/users\/1"}],"replies":[{"embeddable":true,"href":"https:\/\/laligue53.org\/usep\/wp-json\/wp\/v2\/comments?post=315"}],"version-history":[{"count":35,"href":"https:\/\/laligue53.org\/usep\/wp-json\/wp\/v2\/pages\/315\/revisions"}],"predecessor-version":[{"id":1276,"href":"https:\/\/laligue53.org\/usep\/wp-json\/wp\/v2\/pages\/315\/revisions\/1276"}],"wp:attachment":[{"href":"https:\/\/laligue53.org\/usep\/wp-json\/wp\/v2\/media?parent=315"}],"curies":[{"name":"wp","href":"https:\/\/api.w.org\/{rel}","templated":true}]}}