{"id":3650,"date":"2020-10-29T15:57:39","date_gmt":"2020-10-29T14:57:39","guid":{"rendered":"https:\/\/laligue53.org\/?page_id=3650"},"modified":"2024-09-25T15:31:08","modified_gmt":"2024-09-25T13:31:08","slug":"le-conseil-departemental-de-vie-collegienne-cdvc","status":"publish","type":"page","link":"https:\/\/laligue53.org\/index.php\/le-conseil-departemental-de-vie-collegienne-cdvc\/","title":{"rendered":"Le Conseil D\u00e9partemental de Vie Coll\u00e9gienne (CDVC)"},"content":{"rendered":"\t\t<div data-elementor-type=\"wp-page\" data-elementor-id=\"3650\" class=\"elementor elementor-3650\" data-elementor-settings=\"{&quot;ha_cmc_init_switcher&quot;:&quot;no&quot;}\">\n\t\t\t\t\t\t<section class=\"elementor-section elementor-top-section elementor-element elementor-element-fdfad92 elementor-section-boxed elementor-section-height-default elementor-section-height-default exad-glass-effect-no wpr-equal-height-no exad-sticky-section-no\" data-id=\"fdfad92\" data-element_type=\"section\" data-settings=\"{&quot;_ha_eqh_enable&quot;:false}\">\n\t\t\t\t\t\t<div class=\"elementor-container elementor-column-gap-default\">\n\t\t\t\t\t<div class=\"elementor-column elementor-col-100 elementor-top-column elementor-element elementor-element-bb756f3 exad-glass-effect-no exad-sticky-section-no\" data-id=\"bb756f3\" data-element_type=\"column\">\n\t\t\t<div class=\"elementor-widget-wrap\">\n\t\t\t\t\t\t\t<\/div>\n\t\t<\/div>\n\t\t\t\t\t<\/div>\n\t\t<\/section>\n\t\t\t\t<section class=\"elementor-section elementor-top-section elementor-element elementor-element-757b3231 elementor-section-boxed elementor-section-height-default elementor-section-height-default exad-glass-effect-no wpr-equal-height-no exad-sticky-section-no\" data-id=\"757b3231\" data-element_type=\"section\" data-settings=\"{&quot;_ha_eqh_enable&quot;:false}\">\n\t\t\t\t\t\t<div class=\"elementor-container elementor-column-gap-default\">\n\t\t\t\t\t<div class=\"elementor-column elementor-col-100 elementor-top-column elementor-element elementor-element-b1b9903 exad-glass-effect-no exad-sticky-section-no\" data-id=\"b1b9903\" data-element_type=\"column\">\n\t\t\t<div class=\"elementor-widget-wrap elementor-element-populated\">\n\t\t\t\t\t\t<div class=\"elementor-element elementor-element-138f3f39 exad-sticky-section-no exad-glass-effect-no elementor-widget elementor-widget-text-editor\" data-id=\"138f3f39\" data-element_type=\"widget\" data-widget_type=\"text-editor.default\">\n\t\t\t\t<div class=\"elementor-widget-container\">\n\t\t\t\t\t\t\t\t\t\n<h4 class=\"wp-block-heading\"><strong>Qu\u2019est-ce que c\u2019est ? \u00c0 quoi \u00e7a sert ?<\/strong><\/h4>\n\n\n\n<p>\u00c9lus par leur pair dans le cadre des \u00e9lections au sein des classes de coll\u00e8ges, des repr\u00e9sentants d\u2019\u00e9l\u00e8ves participent au Conseil de Vie Coll\u00e9gienne de leur \u00e9tablissement (CVC). <br><br><strong>Cette instance permet aux \u00e9l\u00e8ves de devenir des acteurs, en d\u00e9veloppant des actions citoyennes et en contribuant au d\u00e9veloppement de la vie sociale du coll\u00e8ge :<\/strong><br>\u2022 L\u2019organisation de la scolarit\u00e9 et du temps scolaires<br>\u2022 L\u2019\u00e9laboration du projet d\u2019\u00e9tablissement et du r\u00e8glement int\u00e9rieur<br>\u2022 L\u2019organisation du travail personnel et l\u2019accompagnement des \u00e9l\u00e8ves<br>\u2022 Le bien \u00eatre des \u00e9l\u00e8ves, le climat scolaire et la promotion des pratiques participatives<br>\u2022 Les \u00e9quipements, la restauration et l\u2019internat<br>\u2022 Les \u00e9changes linguistiques et culturels<br>\u2022 La mise en \u0153uvre du parcours d\u2019\u00e9ducation artistique et culturelle, du parcours citoyen, du parcours \u00ab Avenir \u00bb<br>\u2022 La formation des repr\u00e9sentants d\u2019\u00e9l\u00e8ves.<br><br>Les actions qui d\u00e9coulent des Conseils de Vie Coll\u00e9giens s\u2019int\u00e8grent dans un processus d\u2018\u00e9ducation \u00e0 la citoyennet\u00e9 ou l\u2019\u00e9l\u00e8ve est un interlocuteur privil\u00e9gi\u00e9 de l\u2019\u00e9quipe p\u00e9dagogique de l\u2019\u00e9tablissement.<br>Le projet, accompagn\u00e9 par la Ligue de l\u2019enseignement &#8211; FAL 53 doit permettre de f\u00e9d\u00e9rer les conseils de vie coll\u00e9giens sur l\u2019ensemble du  d\u00e9partement de la Mayenne. Il s\u2019agit d\u2019accompagner \u00e0 l\u2019\u00e9chelle  d\u00e9partementale les initiatives locales port\u00e9es par les CVC au sein des \u00e9tablissements et de faire \u00e9merger les intentions d\u2019actions communes aupr\u00e8s des \u00e9lus politique du Conseil D\u00e9partemental.<\/p>\n\n\n\n<h4 class=\"wp-block-heading\"><strong>Les objectifs du projet :<\/strong><\/h4>\n\n\n\n<p>\u2022 Recenser les initiatives des CVC au sein de leurs \u00e9tablissements.<br>\u2022 Faciliter la rencontre entre les d\u00e9l\u00e9gu\u00e9s d\u2019\u00e9l\u00e8ves CVC des diff\u00e9rents coll\u00e8ges Mayennais.<br>\u2022 Faire \u00e9merger des propositions d\u2019actions communes entre \u00e9tablissements.<br>\u2022 Permettre un temps d\u2019\u00e9changes avec les instances politique du conseil d\u00e9partemental.<\/p>\n\t\t\t\t\t\t\t\t<\/div>\n\t\t\t\t<\/div>\n\t\t\t\t\t<\/div>\n\t\t<\/div>\n\t\t\t\t\t<\/div>\n\t\t<\/section>\n\t\t\t\t<\/div>\n\t\t","protected":false},"excerpt":{"rendered":"<p>Qu\u2019est-ce que c\u2019est ? \u00c0 quoi \u00e7a sert ? \u00c9lus par leur pair dans le cadre des \u00e9lections au sein des classes de coll\u00e8ges, des repr\u00e9sentants d\u2019\u00e9l\u00e8ves participent au Conseil de Vie Coll\u00e9gienne de leur \u00e9tablissement (CVC). Cette instance permet aux \u00e9l\u00e8ves de devenir des acteurs, en d\u00e9veloppant des actions citoyennes et en contribuant au d\u00e9veloppement de la vie sociale du coll\u00e8ge :\u2022 L\u2019organisation de la scolarit\u00e9 et du temps scolaires\u2022 L\u2019\u00e9laboration du projet d\u2019\u00e9tablissement et du r\u00e8glement int\u00e9rieur\u2022 L\u2019organisation du travail personnel et l\u2019accompagnement des \u00e9l\u00e8ves\u2022 Le bien \u00eatre des \u00e9l\u00e8ves, le climat scolaire et la promotion des pratiques participatives\u2022 Les \u00e9quipements, la restauration et l\u2019internat\u2022 Les \u00e9changes linguistiques et culturels\u2022 La mise en \u0153uvre du parcours d\u2019\u00e9ducation artistique et culturelle, du parcours citoyen, du parcours \u00ab Avenir \u00bb\u2022 La formation des repr\u00e9sentants d\u2019\u00e9l\u00e8ves. Les actions qui d\u00e9coulent des Conseils de Vie Coll\u00e9giens s\u2019int\u00e8grent dans un processus d\u2018\u00e9ducation \u00e0 la citoyennet\u00e9 ou l\u2019\u00e9l\u00e8ve est un interlocuteur privil\u00e9gi\u00e9 de l\u2019\u00e9quipe p\u00e9dagogique de l\u2019\u00e9tablissement.Le projet, accompagn\u00e9 par la Ligue de l\u2019enseignement &#8211; FAL 53 doit permettre de f\u00e9d\u00e9rer les conseils de vie coll\u00e9giens sur l\u2019ensemble du d\u00e9partement de la Mayenne. Il s\u2019agit d\u2019accompagner \u00e0 l\u2019\u00e9chelle d\u00e9partementale les initiatives locales port\u00e9es par les CVC au sein des \u00e9tablissements et de faire \u00e9merger les intentions d\u2019actions communes aupr\u00e8s des \u00e9lus politique du Conseil D\u00e9partemental. Les objectifs du projet : \u2022 Recenser les initiatives des CVC au sein de leurs \u00e9tablissements.\u2022 Faciliter la rencontre entre les d\u00e9l\u00e9gu\u00e9s d\u2019\u00e9l\u00e8ves CVC des diff\u00e9rents coll\u00e8ges Mayennais.\u2022 Faire \u00e9merger des propositions d\u2019actions communes entre \u00e9tablissements.\u2022 Permettre un temps d\u2019\u00e9changes avec les instances politique du conseil d\u00e9partemental.<\/p>\n","protected":false},"author":1,"featured_media":0,"parent":0,"menu_order":0,"comment_status":"closed","ping_status":"closed","template":"","meta":{"_uag_custom_page_level_css":"","h5ap_radio_sources":[],"footnotes":""},"class_list":["post-3650","page","type-page","status-publish","hentry"],"yoast_head":"<!-- This site is optimized with the Yoast SEO plugin v27.3 - https:\/\/yoast.com\/product\/yoast-seo-wordpress\/ -->\n<title>Le Conseil D\u00e9partemental de Vie Coll\u00e9gienne (CDVC) -<\/title>\n<meta name=\"robots\" content=\"index, follow, max-snippet:-1, max-image-preview:large, max-video-preview:-1\" \/>\n<link rel=\"canonical\" href=\"https:\/\/laligue53.org\/index.php\/le-conseil-departemental-de-vie-collegienne-cdvc\/\" \/>\n<meta property=\"og:locale\" content=\"fr_FR\" \/>\n<meta property=\"og:type\" content=\"article\" \/>\n<meta property=\"og:title\" content=\"Le Conseil D\u00e9partemental de Vie Coll\u00e9gienne (CDVC) -\" \/>\n<meta property=\"og:description\" content=\"Qu\u2019est-ce que c\u2019est ? \u00c0 quoi \u00e7a sert ? \u00c9lus par leur pair dans le cadre des \u00e9lections au sein des classes de coll\u00e8ges, des repr\u00e9sentants d\u2019\u00e9l\u00e8ves participent au Conseil de Vie Coll\u00e9gienne de leur \u00e9tablissement (CVC). Cette instance permet aux \u00e9l\u00e8ves de devenir des acteurs, en d\u00e9veloppant des actions citoyennes et en contribuant au d\u00e9veloppement de la vie sociale du coll\u00e8ge :\u2022 L\u2019organisation de la scolarit\u00e9 et du temps scolaires\u2022 L\u2019\u00e9laboration du projet d\u2019\u00e9tablissement et du r\u00e8glement int\u00e9rieur\u2022 L\u2019organisation du travail personnel et l\u2019accompagnement des \u00e9l\u00e8ves\u2022 Le bien \u00eatre des \u00e9l\u00e8ves, le climat scolaire et la promotion des pratiques participatives\u2022 Les \u00e9quipements, la restauration et l\u2019internat\u2022 Les \u00e9changes linguistiques et culturels\u2022 La mise en \u0153uvre du parcours d\u2019\u00e9ducation artistique et culturelle, du parcours citoyen, du parcours \u00ab Avenir \u00bb\u2022 La formation des repr\u00e9sentants d\u2019\u00e9l\u00e8ves. Les actions qui d\u00e9coulent des Conseils de Vie Coll\u00e9giens s\u2019int\u00e8grent dans un processus d\u2018\u00e9ducation \u00e0 la citoyennet\u00e9 ou l\u2019\u00e9l\u00e8ve est un interlocuteur privil\u00e9gi\u00e9 de l\u2019\u00e9quipe p\u00e9dagogique de l\u2019\u00e9tablissement.Le projet, accompagn\u00e9 par la Ligue de l\u2019enseignement &#8211; FAL 53 doit permettre de f\u00e9d\u00e9rer les conseils de vie coll\u00e9giens sur l\u2019ensemble du d\u00e9partement de la Mayenne. Il s\u2019agit d\u2019accompagner \u00e0 l\u2019\u00e9chelle d\u00e9partementale les initiatives locales port\u00e9es par les CVC au sein des \u00e9tablissements et de faire \u00e9merger les intentions d\u2019actions communes aupr\u00e8s des \u00e9lus politique du Conseil D\u00e9partemental. Les objectifs du projet : \u2022 Recenser les initiatives des CVC au sein de leurs \u00e9tablissements.\u2022 Faciliter la rencontre entre les d\u00e9l\u00e9gu\u00e9s d\u2019\u00e9l\u00e8ves CVC des diff\u00e9rents coll\u00e8ges Mayennais.\u2022 Faire \u00e9merger des propositions d\u2019actions communes entre \u00e9tablissements.\u2022 Permettre un temps d\u2019\u00e9changes avec les instances politique du conseil d\u00e9partemental.\" \/>\n<meta property=\"og:url\" content=\"https:\/\/laligue53.org\/index.php\/le-conseil-departemental-de-vie-collegienne-cdvc\/\" \/>\n<meta property=\"article:modified_time\" content=\"2024-09-25T13:31:08+00:00\" \/>\n<meta name=\"twitter:card\" content=\"summary_large_image\" \/>\n<meta name=\"twitter:label1\" content=\"Dur\u00e9e de lecture estim\u00e9e\" \/>\n\t<meta name=\"twitter:data1\" content=\"2 minutes\" \/>\n<script type=\"application\/ld+json\" class=\"yoast-schema-graph\">{\"@context\":\"https:\\\/\\\/schema.org\",\"@graph\":[{\"@type\":\"WebPage\",\"@id\":\"https:\\\/\\\/laligue53.org\\\/index.php\\\/le-conseil-departemental-de-vie-collegienne-cdvc\\\/\",\"url\":\"https:\\\/\\\/laligue53.org\\\/index.php\\\/le-conseil-departemental-de-vie-collegienne-cdvc\\\/\",\"name\":\"Le Conseil D\u00e9partemental de Vie Coll\u00e9gienne (CDVC) -\",\"isPartOf\":{\"@id\":\"https:\\\/\\\/laligue53.org\\\/#website\"},\"datePublished\":\"2020-10-29T14:57:39+00:00\",\"dateModified\":\"2024-09-25T13:31:08+00:00\",\"breadcrumb\":{\"@id\":\"https:\\\/\\\/laligue53.org\\\/index.php\\\/le-conseil-departemental-de-vie-collegienne-cdvc\\\/#breadcrumb\"},\"inLanguage\":\"fr-FR\",\"potentialAction\":[{\"@type\":\"ReadAction\",\"target\":[\"https:\\\/\\\/laligue53.org\\\/index.php\\\/le-conseil-departemental-de-vie-collegienne-cdvc\\\/\"]}]},{\"@type\":\"BreadcrumbList\",\"@id\":\"https:\\\/\\\/laligue53.org\\\/index.php\\\/le-conseil-departemental-de-vie-collegienne-cdvc\\\/#breadcrumb\",\"itemListElement\":[{\"@type\":\"ListItem\",\"position\":1,\"name\":\"Accueil\",\"item\":\"https:\\\/\\\/laligue53.org\\\/\"},{\"@type\":\"ListItem\",\"position\":2,\"name\":\"Le Conseil D\u00e9partemental de Vie Coll\u00e9gienne (CDVC)\"}]},{\"@type\":\"WebSite\",\"@id\":\"https:\\\/\\\/laligue53.org\\\/#website\",\"url\":\"https:\\\/\\\/laligue53.org\\\/\",\"name\":\"\",\"description\":\"S&#039;associer est une force\",\"potentialAction\":[{\"@type\":\"SearchAction\",\"target\":{\"@type\":\"EntryPoint\",\"urlTemplate\":\"https:\\\/\\\/laligue53.org\\\/?s={search_term_string}\"},\"query-input\":{\"@type\":\"PropertyValueSpecification\",\"valueRequired\":true,\"valueName\":\"search_term_string\"}}],\"inLanguage\":\"fr-FR\"}]}<\/script>\n<!-- \/ Yoast SEO plugin. -->","yoast_head_json":{"title":"Le Conseil D\u00e9partemental de Vie Coll\u00e9gienne (CDVC) -","robots":{"index":"index","follow":"follow","max-snippet":"max-snippet:-1","max-image-preview":"max-image-preview:large","max-video-preview":"max-video-preview:-1"},"canonical":"https:\/\/laligue53.org\/index.php\/le-conseil-departemental-de-vie-collegienne-cdvc\/","og_locale":"fr_FR","og_type":"article","og_title":"Le Conseil D\u00e9partemental de Vie Coll\u00e9gienne (CDVC) -","og_description":"Qu\u2019est-ce que c\u2019est ? \u00c0 quoi \u00e7a sert ? \u00c9lus par leur pair dans le cadre des \u00e9lections au sein des classes de coll\u00e8ges, des repr\u00e9sentants d\u2019\u00e9l\u00e8ves participent au Conseil de Vie Coll\u00e9gienne de leur \u00e9tablissement (CVC). Cette instance permet aux \u00e9l\u00e8ves de devenir des acteurs, en d\u00e9veloppant des actions citoyennes et en contribuant au d\u00e9veloppement de la vie sociale du coll\u00e8ge :\u2022 L\u2019organisation de la scolarit\u00e9 et du temps scolaires\u2022 L\u2019\u00e9laboration du projet d\u2019\u00e9tablissement et du r\u00e8glement int\u00e9rieur\u2022 L\u2019organisation du travail personnel et l\u2019accompagnement des \u00e9l\u00e8ves\u2022 Le bien \u00eatre des \u00e9l\u00e8ves, le climat scolaire et la promotion des pratiques participatives\u2022 Les \u00e9quipements, la restauration et l\u2019internat\u2022 Les \u00e9changes linguistiques et culturels\u2022 La mise en \u0153uvre du parcours d\u2019\u00e9ducation artistique et culturelle, du parcours citoyen, du parcours \u00ab Avenir \u00bb\u2022 La formation des repr\u00e9sentants d\u2019\u00e9l\u00e8ves. Les actions qui d\u00e9coulent des Conseils de Vie Coll\u00e9giens s\u2019int\u00e8grent dans un processus d\u2018\u00e9ducation \u00e0 la citoyennet\u00e9 ou l\u2019\u00e9l\u00e8ve est un interlocuteur privil\u00e9gi\u00e9 de l\u2019\u00e9quipe p\u00e9dagogique de l\u2019\u00e9tablissement.Le projet, accompagn\u00e9 par la Ligue de l\u2019enseignement &#8211; FAL 53 doit permettre de f\u00e9d\u00e9rer les conseils de vie coll\u00e9giens sur l\u2019ensemble du d\u00e9partement de la Mayenne. Il s\u2019agit d\u2019accompagner \u00e0 l\u2019\u00e9chelle d\u00e9partementale les initiatives locales port\u00e9es par les CVC au sein des \u00e9tablissements et de faire \u00e9merger les intentions d\u2019actions communes aupr\u00e8s des \u00e9lus politique du Conseil D\u00e9partemental. Les objectifs du projet : \u2022 Recenser les initiatives des CVC au sein de leurs \u00e9tablissements.\u2022 Faciliter la rencontre entre les d\u00e9l\u00e9gu\u00e9s d\u2019\u00e9l\u00e8ves CVC des diff\u00e9rents coll\u00e8ges Mayennais.\u2022 Faire \u00e9merger des propositions d\u2019actions communes entre \u00e9tablissements.\u2022 Permettre un temps d\u2019\u00e9changes avec les instances politique du conseil d\u00e9partemental.","og_url":"https:\/\/laligue53.org\/index.php\/le-conseil-departemental-de-vie-collegienne-cdvc\/","article_modified_time":"2024-09-25T13:31:08+00:00","twitter_card":"summary_large_image","twitter_misc":{"Dur\u00e9e de lecture estim\u00e9e":"2 minutes"},"schema":{"@context":"https:\/\/schema.org","@graph":[{"@type":"WebPage","@id":"https:\/\/laligue53.org\/index.php\/le-conseil-departemental-de-vie-collegienne-cdvc\/","url":"https:\/\/laligue53.org\/index.php\/le-conseil-departemental-de-vie-collegienne-cdvc\/","name":"Le Conseil D\u00e9partemental de Vie Coll\u00e9gienne (CDVC) -","isPartOf":{"@id":"https:\/\/laligue53.org\/#website"},"datePublished":"2020-10-29T14:57:39+00:00","dateModified":"2024-09-25T13:31:08+00:00","breadcrumb":{"@id":"https:\/\/laligue53.org\/index.php\/le-conseil-departemental-de-vie-collegienne-cdvc\/#breadcrumb"},"inLanguage":"fr-FR","potentialAction":[{"@type":"ReadAction","target":["https:\/\/laligue53.org\/index.php\/le-conseil-departemental-de-vie-collegienne-cdvc\/"]}]},{"@type":"BreadcrumbList","@id":"https:\/\/laligue53.org\/index.php\/le-conseil-departemental-de-vie-collegienne-cdvc\/#breadcrumb","itemListElement":[{"@type":"ListItem","position":1,"name":"Accueil","item":"https:\/\/laligue53.org\/"},{"@type":"ListItem","position":2,"name":"Le Conseil D\u00e9partemental de Vie Coll\u00e9gienne (CDVC)"}]},{"@type":"WebSite","@id":"https:\/\/laligue53.org\/#website","url":"https:\/\/laligue53.org\/","name":"","description":"S&#039;associer est une force","potentialAction":[{"@type":"SearchAction","target":{"@type":"EntryPoint","urlTemplate":"https:\/\/laligue53.org\/?s={search_term_string}"},"query-input":{"@type":"PropertyValueSpecification","valueRequired":true,"valueName":"search_term_string"}}],"inLanguage":"fr-FR"}]}},"uagb_featured_image_src":{"full":false,"thumbnail":false,"medium":false,"medium_large":false,"large":false,"1536x1536":false,"2048x2048":false},"uagb_author_info":{"display_name":"solene","author_link":"https:\/\/laligue53.org\/index.php\/author\/solene\/"},"uagb_comment_info":0,"uagb_excerpt":"Qu\u2019est-ce que c\u2019est ? \u00c0 quoi \u00e7a sert ? \u00c9lus par leur pair dans le cadre des \u00e9lections au sein des classes de coll\u00e8ges, des repr\u00e9sentants d\u2019\u00e9l\u00e8ves participent au Conseil de Vie Coll\u00e9gienne de leur \u00e9tablissement (CVC). Cette instance permet aux \u00e9l\u00e8ves de devenir des acteurs, en d\u00e9veloppant des actions citoyennes et en contribuant au\u2026","_links":{"self":[{"href":"https:\/\/laligue53.org\/index.php\/wp-json\/wp\/v2\/pages\/3650","targetHints":{"allow":["GET"]}}],"collection":[{"href":"https:\/\/laligue53.org\/index.php\/wp-json\/wp\/v2\/pages"}],"about":[{"href":"https:\/\/laligue53.org\/index.php\/wp-json\/wp\/v2\/types\/page"}],"author":[{"embeddable":true,"href":"https:\/\/laligue53.org\/index.php\/wp-json\/wp\/v2\/users\/1"}],"replies":[{"embeddable":true,"href":"https:\/\/laligue53.org\/index.php\/wp-json\/wp\/v2\/comments?post=3650"}],"version-history":[{"count":6,"href":"https:\/\/laligue53.org\/index.php\/wp-json\/wp\/v2\/pages\/3650\/revisions"}],"predecessor-version":[{"id":9979,"href":"https:\/\/laligue53.org\/index.php\/wp-json\/wp\/v2\/pages\/3650\/revisions\/9979"}],"wp:attachment":[{"href":"https:\/\/laligue53.org\/index.php\/wp-json\/wp\/v2\/media?parent=3650"}],"curies":[{"name":"wp","href":"https:\/\/api.w.org\/{rel}","templated":true}]}}