{"version":"1.0","provider_name":"","provider_url":"https:\/\/laligue53.org","author_name":"solene","author_url":"https:\/\/laligue53.org\/index.php\/author\/solene\/","title":"Titre professionnel - Responsable d'espace de m\u00e9diation num\u00e9rique -","type":"rich","width":600,"height":338,"html":"<blockquote class=\"wp-embedded-content\" data-secret=\"AMeIUAtcD4\"><a href=\"https:\/\/laligue53.org\/index.php\/titre-professionnel-responsable-despace-de-mediation-numerique-2\/\">Titre professionnel &#8211; Responsable d&rsquo;espace de m\u00e9diation num\u00e9rique<\/a><\/blockquote><iframe sandbox=\"allow-scripts\" security=\"restricted\" src=\"https:\/\/laligue53.org\/index.php\/titre-professionnel-responsable-despace-de-mediation-numerique-2\/embed\/#?secret=AMeIUAtcD4\" width=\"600\" height=\"338\" title=\"\u00ab\u00a0Titre professionnel &#8211; Responsable d&rsquo;espace de m\u00e9diation num\u00e9rique\u00a0\u00bb &#8212; \" data-secret=\"AMeIUAtcD4\" frameborder=\"0\" marginwidth=\"0\" marginheight=\"0\" scrolling=\"no\" class=\"wp-embedded-content\"><\/iframe><script type=\"text\/javascript\">\n\/* <![CDATA[ *\/\n\/*! This file is auto-generated *\/\n!function(d,l){\"use strict\";l.querySelector&&d.addEventListener&&\"undefined\"!=typeof URL&&(d.wp=d.wp||{},d.wp.receiveEmbedMessage||(d.wp.receiveEmbedMessage=function(e){var t=e.data;if((t||t.secret||t.message||t.value)&&!\/[^a-zA-Z0-9]\/.test(t.secret)){for(var s,r,n,a=l.querySelectorAll('iframe[data-secret=\"'+t.secret+'\"]'),o=l.querySelectorAll('blockquote[data-secret=\"'+t.secret+'\"]'),c=new RegExp(\"^https?:$\",\"i\"),i=0;i<o.length;i++)o[i].style.display=\"none\";for(i=0;i<a.length;i++)s=a[i],e.source===s.contentWindow&&(s.removeAttribute(\"style\"),\"height\"===t.message?(1e3<(r=parseInt(t.value,10))?r=1e3:~~r<200&&(r=200),s.height=r):\"link\"===t.message&&(r=new URL(s.getAttribute(\"src\")),n=new URL(t.value),c.test(n.protocol))&&n.host===r.host&&l.activeElement===s&&(d.top.location.href=t.value))}},d.addEventListener(\"message\",d.wp.receiveEmbedMessage,!1),l.addEventListener(\"DOMContentLoaded\",function(){for(var e,t,s=l.querySelectorAll(\"iframe.wp-embedded-content\"),r=0;r<s.length;r++)(t=(e=s[r]).getAttribute(\"data-secret\"))||(t=Math.random().toString(36).substring(2,12),e.src+=\"#?secret=\"+t,e.setAttribute(\"data-secret\",t)),e.contentWindow.postMessage({message:\"ready\",secret:t},\"*\")},!1)))}(window,document);\n\/* ]]> *\/\n<\/script>\n","description":"TITRE PROFESSIONNEL RESPONSABLE D&rsquo;ESPACE DE M\u00c9DIATION NUM\u00c9RIQUE Devenir Le Titre Professionnel de Responsable d&rsquo;Espace de M\u00e9diation Num\u00e9rique forme des professionnels capables d&rsquo;animer et de g\u00e9rer des espaces d\u00e9di\u00e9s \u00e0 l&rsquo;accompagnement et \u00e0 la m\u00e9diation dans l&rsquo;utilisation des technologies num\u00e9riques. DATES DE LA FORMATION DUR\u00c9E TOTALE DE LA FORMATION INFOS CL\u00c9S TARIFS DATES DE LA FORMATION Du 6 f\u00e9vrier 2024 au 8 juillet 2025 DUR\u00c9E TOTALE DE LA FORMATION La formation dure 18 mois : 602 heures de formation 1 680 heures en entreprise INFOS CL\u00c9S Nomenclature du niveau de qualification : Niveau 5 (BAC +2) Code RNCP : RNCP39181Date d&rsquo;enregistrement du titre au RNCP : 21\/02\/2019 Code NFS : &#8211; 320t : R\u00e9alisation du service : Utilisation de logiciels appliqu\u00e9s \u00e0 l&rsquo;image Nom du certificateur : MINIST\u00c8RE DU TRAVAIL DU PLEIN EMPLOI ET DE L&rsquo; INSERTIONSiret : 11000007200014 TARIFS Financements possibles.Pour plus de pr\u00e9cision, vous pouvez contacter Lucie Houtin :par e-mail : lucie.houtin@laligue53.orgpar t\u00e9l\u00e9phone au 07 84 15 69 11 Objectifs de la formation Acqu\u00e9rir les comp\u00e9tences professionnelles pour encadrer, animer et d\u00e9velopper un espace de type tiers-lieu, public ou priv\u00e9, int\u00e9grant une dimension de m\u00e9diation num\u00e9rique. Pr\u00e9-requis Aucun dipl\u00f4me sp\u00e9cifique n\u2019est requis \u00e0 l\u2019entr\u00e9e. Des comp\u00e9tences g\u00e9n\u00e9rales transverses niveau BAC et une app\u00e9tence pour l\u2019animation, la m\u00e9diation num\u00e9rique et le travail collaboratif ainsi que des comp\u00e9tences techniques dans le domaine de l\u2019environnement num\u00e9rique sont n\u00e9cessaires. Modalit\u00e9s d\u2019acc\u00e8s \u00e0 la formation Admission soumise \u00e0 un entretien de motivation. Contenu p\u00e9dagogique Le titre professionnel est organis\u00e9 en modules, r\u00e9partis selon 3 blocs de Comp\u00e9tences Professionnelles et un ensemble d\u2019enseignements transverses : CCP1\u00a0: Accompagner diff\u00e9rents publics vers l\u2019autonomie dans les usages des technologies, services et m\u00e9dias\u2022 \u00c9laborer des programmes d\u2019actions de m\u00e9diation facilitant l\u2019appropriation des savoirs et des usages num\u00e9riques\u2022 Concevoir et produire des ressources p\u00e9dagogiques et documentaires pour diff\u00e9rents supports\u2022 Accueillir diff\u00e9rents publics, les informer et proposer des actions de m\u00e9diation num\u00e9rique\u2022 Pr\u00e9parer e animer des actions de m\u00e9diation individuelle et collectives dans diff\u00e9rents environnements num\u00e9riques CCP2\u00a0: Contribuer au d\u00e9veloppement d\u2019un espace de m\u00e9diation num\u00e9rique et de ses projets\u2022 Effectuer un diagnostic de territoire et de ses besoins en num\u00e9rique\u2022 Contribuer au d\u00e9veloppement et \u00e0 la p\u00e9rennit\u00e9 financi\u00e8re d\u2019un espace de m\u00e9diation num\u00e9rique\u2022 D\u00e9velopper des partenariats et des collaborations avec les acteurs du territoire\u2022 Promouvoir un espace de m\u00e9diation num\u00e9rique et ses projets par une communication multicanale interne et externe CCP3\u00a0: Contribuer \u00e0 la gestion d\u2019un espace de m\u00e9diation num\u00e9rique et animer des projets collaboratifs \u2022 Contribuer au suivi administratif et comptable d\u2019un espace de m\u00e9diation num\u00e9rique \u2022 Assurer l\u2019entretien et la maintenance du mat\u00e9riel num\u00e9rique d\u2019un espace de m\u00e9diation num\u00e9rique \u2022 Faciliter et accompagner des projets collaboratifs dans des communaut\u00e9s physiques et \u00e0 distance. Possibilit\u00e9 de passer un ou plusieurs CCP de mani\u00e8re s\u00e9par\u00e9e et de mettre en place un am\u00e9nagement adapt\u00e9. Enseignements transverses : \u2022 Communication professionnelle \/Recherche d\u2019emploi (CV\/Lettre de motivation\/Entretien)\u2022 P\u00e9dagogie\/ Gestion de projets\u2022 Culture num\u00e9rique \/ Droit informatique\u2022 \u00c9ducation aux m\u00e9dias\/Parentalit\u00e9 Modalit\u00e9s p\u00e9dagogiques Parcours alternant entreprise et organisme de formation avec : 126 heures de regroupements en pr\u00e9sentiel (6 regroupements de 3 jours) 378 heures en enseignement \u00e0 distance en synchrone via Zoom 98 heures en enseignement \u00e0 distance asynchrone collaboratif via la plateforme MOODLE de la Ligue Modalit\u00e9s de suivi et d\u2019\u00e9valuation Parcours alternant entreprise et organisme de formation avec : \u00c9valuation en cours de formation Dossier professionnel Mise en situation et entretien final devant un jury de professionnel Int\u00e9gr\u00e9 \u00e0 la formation\u00a0: Passation de la certification PIX. \u00c9quivalences, passerelles et suite de parcours possibles \u00c9quivalence : Titre professionnel niveau 5 (BAC +2).Suite de parcours possibles\u00a0et d\u00e9bouch\u00e9s\u00a0: Licence professionnelle du domaine animation et multim\u00e9dia Lieu de formation UFA &#8211; La ligue de l\u2019enseignement- FAL 5331, all\u00e9e du vieux Saint-Louis, 53000 LAVAL Horaires d\u2019ouverture du centre\u00a0:de 8h30 \u00e0 12h30 et de 13h30 \u00e0 17h40(pas de possibilit\u00e9 de restauration sur place) Acc\u00e8s :La formation se fait \u00e0 distance et les lieux de regroupements sont communiqu\u00e9s \u00e0 l\u2019employeur avant le d\u00e9but de la formation. Contact Responsable de formation : Lucie HOUTINlucie.houtin@laligue53.org R\u00e9f\u00e9rente handicap :Magali NOELmagali.noel@laligue53.org Accessibilit\u00e9 aux personnes en situation de handicap Cette formation est accessible aux personnes en situation de handicap. Locaux, plateau technique, formation \u00e0 distance. Processus d&rsquo;accompagnement des stagiaires en situation de handicap Contact : magali.noel@laligue53.org 07 45 28 35 95 1 Diffusion d&rsquo;information aupr\u00e8s des demandeurs 2 Entretien sp\u00e9cifique avec la r\u00e9f\u00e9rente handicap 3 Ressources et organisation de l&rsquo;accueil 4 Suivi des mesures mises en place 5 Evaluation finale et perspectives Le Titre Professionnel &#8211; Responsable d&rsquo;un Espace de M\u00e9diation Num\u00e9rique Session 2023-2024 r\u00e9ussite \u00e0 l&rsquo;examen R\u00e9ussite totale 0% Taux de satisfaction \u00ab\u00a0Tr\u00e8s satisfaisante\u00a0\u00bb 0% \u00ab\u00a0Satisfaisante\u00a0\u00bb 0% Taux d&rsquo;insertion 87,5 % Au 20 janvier 2024 Les d\u00e9bouch\u00e9s Prestataire ind\u00e9pendant Animateur multim\u00e9dia Animateur d&rsquo;espace public num\u00e9rique\/animateur EPN Animateur TIC Animateur num\u00e9rique Coach num\u00e9rique Coordinateur EPN Fabmanager Coordinateur num\u00e9rique Facilitateur de tiers-lieu Coordinateur multim\u00e9dia Formateur multim\u00e9dia Formateur num\u00e9rique Responsable de tiers-lieu Gestionnaire de tiers-lieu Responsable EPN M\u00e9diateur num\u00e9rique Contacts Magali No\u00ebl Responsable du service Formation R\u00e9f\u00e9rente handicap magali.noel@laligue53.org 07 45 28 35 95 Lucie Houtin Formatrice \/ Coordinatrice du TP REMN Assistance technique lucie.houtin@laligue53.org 06 19 46 84 68","thumbnail_url":"https:\/\/laligue53.org\/wp-content\/uploads\/2024\/07\/cropped-Logo_Ligue_53_CMJN.png","thumbnail_width":630,"thumbnail_height":383}

Titre professionnel - Responsable d'espace de médiation numérique -

<blockquote class="wp-embedded-content" data-secret="AMeIUAtcD4"><a href="https://laligue53.org/index.php/titre-professionnel-responsable-despace-de-mediation-numerique-2/">Titre professionnel &#8211; Responsable d&rsquo;espace de médiation numérique</a></blockquote><iframe sandbox="allow-scripts" security="restricted" src="https://laligue53.org/index.php/titre-professionnel-responsable-despace-de-mediation-numerique-2/embed/#?secret=AMeIUAtcD4" width="600" height="338" title="« Titre professionnel &#8211; Responsable d&rsquo;espace de médiation numérique » &#8212; " data-secret="AMeIUAtcD4" frameborder="0" marginwidth="0" marginheight="0" scrolling="no" class="wp-embedded-content"></iframe><script type="text/javascript">
/* <![CDATA[ */
/*! This file is auto-generated */
!function(d,l){"use strict";l.querySelector&&d.addEventListener&&"undefined"!=typeof URL&&(d.wp=d.wp||{},d.wp.receiveEmbedMessage||(d.wp.receiveEmbedMessage=function(e){var t=e.data;if((t||t.secret||t.message||t.value)&&!/[^a-zA-Z0-9]/.test(t.secret)){for(var s,r,n,a=l.querySelectorAll('iframe[data-secret="'+t.secret+'"]'),o=l.querySelectorAll('blockquote[data-secret="'+t.secret+'"]'),c=new RegExp("^https?:$","i"),i=0;i<o.length;i++)o[i].style.display="none";for(i=0;i<a.length;i++)s=a[i],e.source===s.contentWindow&&(s.removeAttribute("style"),"height"===t.message?(1e3<(r=parseInt(t.value,10))?r=1e3:~~r<200&&(r=200),s.height=r):"link"===t.message&&(r=new URL(s.getAttribute("src")),n=new URL(t.value),c.test(n.protocol))&&n.host===r.host&&l.activeElement===s&&(d.top.location.href=t.value))}},d.addEventListener("message",d.wp.receiveEmbedMessage,!1),l.addEventListener("DOMContentLoaded",function(){for(var e,t,s=l.querySelectorAll("iframe.wp-embedded-content"),r=0;r<s.length;r++)(t=(e=s[r]).getAttribute("data-secret"))||(t=Math.random().toString(36).substring(2,12),e.src+="#?secret="+t,e.setAttribute("data-secret",t)),e.contentWindow.postMessage({message:"ready",secret:t},"*")},!1)))}(window,document);
/* ]]> */
</script>

TITRE PROFESSIONNEL RESPONSABLE D&rsquo;ESPACE DE MÉDIATION NUMÉRIQUE Devenir Le Titre Professionnel de Responsable d&rsquo;Espace de Médiation Numérique forme des professionnels capables d&rsquo;animer et de gérer des espaces dédiés à l&rsquo;accompagnement et à la médiation dans l&rsquo;utilisation des technologies numériques. DATES DE LA FORMATION DURÉE TOTALE DE LA FORMATION INFOS CLÉS TARIFS DATES DE LA FORMATION Du 6 février 2024 au 8 juillet 2025 DURÉE TOTALE DE LA FORMATION La formation dure 18 mois : 602 heures de formation 1 680 heures en entreprise INFOS CLÉS Nomenclature du niveau de qualification : Niveau 5 (BAC +2) Code RNCP : RNCP39181Date d&rsquo;enregistrement du titre au RNCP : 21/02/2019 Code NFS : &#8211; 320t : Réalisation du service : Utilisation de logiciels appliqués à l&rsquo;image Nom du certificateur : MINISTÈRE DU TRAVAIL DU PLEIN EMPLOI ET DE L&rsquo; INSERTIONSiret : 11000007200014 TARIFS Financements possibles.Pour plus de précision, vous pouvez contacter Lucie Houtin :par e-mail : lucie.houtin@laligue53.orgpar téléphone au 07 84 15 69 11 Objectifs de la formation Acquérir les compétences professionnelles pour encadrer, animer et développer un espace de type tiers-lieu, public ou privé, intégrant une dimension de médiation numérique. Pré-requis Aucun diplôme spécifique n’est requis à l’entrée. Des compétences générales transverses niveau BAC et une appétence pour l’animation, la médiation numérique et le travail collaboratif ainsi que des compétences techniques dans le domaine de l’environnement numérique sont nécessaires. Modalités d’accès à la formation Admission soumise à un entretien de motivation. Contenu pédagogique Le titre professionnel est organisé en modules, répartis selon 3 blocs de Compétences Professionnelles et un ensemble d’enseignements transverses : CCP1 : Accompagner différents publics vers l’autonomie dans les usages des technologies, services et médias• Élaborer des programmes d’actions de médiation facilitant l’appropriation des savoirs et des usages numériques• Concevoir et produire des ressources pédagogiques et documentaires pour différents supports• Accueillir différents publics, les informer et proposer des actions de médiation numérique• Préparer e animer des actions de médiation individuelle et collectives dans différents environnements numériques CCP2 : Contribuer au développement d’un espace de médiation numérique et de ses projets• Effectuer un diagnostic de territoire et de ses besoins en numérique• Contribuer au développement et à la pérennité financière d’un espace de médiation numérique• Développer des partenariats et des collaborations avec les acteurs du territoire• Promouvoir un espace de médiation numérique et ses projets par une communication multicanale interne et externe CCP3 : Contribuer à la gestion d’un espace de médiation numérique et animer des projets collaboratifs • Contribuer au suivi administratif et comptable d’un espace de médiation numérique • Assurer l’entretien et la maintenance du matériel numérique d’un espace de médiation numérique • Faciliter et accompagner des projets collaboratifs dans des communautés physiques et à distance. Possibilité de passer un ou plusieurs CCP de manière séparée et de mettre en place un aménagement adapté. Enseignements transverses : • Communication professionnelle /Recherche d’emploi (CV/Lettre de motivation/Entretien)• Pédagogie/ Gestion de projets• Culture numérique / Droit informatique• Éducation aux médias/Parentalité Modalités pédagogiques Parcours alternant entreprise et organisme de formation avec : 126 heures de regroupements en présentiel (6 regroupements de 3 jours) 378 heures en enseignement à distance en synchrone via Zoom 98 heures en enseignement à distance asynchrone collaboratif via la plateforme MOODLE de la Ligue Modalités de suivi et d’évaluation Parcours alternant entreprise et organisme de formation avec : Évaluation en cours de formation Dossier professionnel Mise en situation et entretien final devant un jury de professionnel Intégré à la formation : Passation de la certification PIX. Équivalences, passerelles et suite de parcours possibles Équivalence : Titre professionnel niveau 5 (BAC +2).Suite de parcours possibles et débouchés : Licence professionnelle du domaine animation et multimédia Lieu de formation UFA &#8211; La ligue de l’enseignement- FAL 5331, allée du vieux Saint-Louis, 53000 LAVAL Horaires d’ouverture du centre :de 8h30 à 12h30 et de 13h30 à 17h40(pas de possibilité de restauration sur place) Accès :La formation se fait à distance et les lieux de regroupements sont communiqués à l’employeur avant le début de la formation. Contact Responsable de formation : Lucie HOUTINlucie.houtin@laligue53.org Référente handicap :Magali NOELmagali.noel@laligue53.org Accessibilité aux personnes en situation de handicap Cette formation est accessible aux personnes en situation de handicap. Locaux, plateau technique, formation à distance. Processus d&rsquo;accompagnement des stagiaires en situation de handicap Contact : magali.noel@laligue53.org 07 45 28 35 95 1 Diffusion d&rsquo;information auprès des demandeurs 2 Entretien spécifique avec la référente handicap 3 Ressources et organisation de l&rsquo;accueil 4 Suivi des mesures mises en place 5 Evaluation finale et perspectives Le Titre Professionnel &#8211; Responsable d&rsquo;un Espace de Médiation Numérique Session 2023-2024 réussite à l&rsquo;examen Réussite totale 0% Taux de satisfaction « Très satisfaisante » 0% « Satisfaisante » 0% Taux d&rsquo;insertion 87,5 % Au 20 janvier 2024 Les débouchés Prestataire indépendant Animateur multimédia Animateur d&rsquo;espace public numérique/animateur EPN Animateur TIC Animateur numérique Coach numérique Coordinateur EPN Fabmanager Coordinateur numérique Facilitateur de tiers-lieu Coordinateur multimédia Formateur multimédia Formateur numérique Responsable de tiers-lieu Gestionnaire de tiers-lieu Responsable EPN Médiateur numérique Contacts Magali Noël Responsable du service Formation Référente handicap magali.noel@laligue53.org 07 45 28 35 95 Lucie Houtin Formatrice / Coordinatrice du TP REMN Assistance technique lucie.houtin@laligue53.org 06 19 46 84 68
