{"version":"1.0","provider_name":"","provider_url":"https:\/\/laligue53.org","author_name":"solene","author_url":"https:\/\/laligue53.org\/index.php\/author\/solene\/","title":"Formation : Valeurs de la r\u00e9publique et la\u00efcit\u00e9 -","type":"rich","width":600,"height":338,"html":"<blockquote class=\"wp-embedded-content\" data-secret=\"LduvlIj8pc\"><a href=\"https:\/\/laligue53.org\/index.php\/formation-valeurs-de-la-republique-et-laicite\/\">Formation : Valeurs de la r\u00e9publique et la\u00efcit\u00e9<\/a><\/blockquote><iframe sandbox=\"allow-scripts\" security=\"restricted\" src=\"https:\/\/laligue53.org\/index.php\/formation-valeurs-de-la-republique-et-laicite\/embed\/#?secret=LduvlIj8pc\" width=\"600\" height=\"338\" title=\"\u00ab\u00a0Formation : Valeurs de la r\u00e9publique et la\u00efcit\u00e9\u00a0\u00bb &#8212; \" data-secret=\"LduvlIj8pc\" frameborder=\"0\" marginwidth=\"0\" marginheight=\"0\" scrolling=\"no\" class=\"wp-embedded-content\"><\/iframe><script type=\"text\/javascript\">\n\/* <![CDATA[ *\/\n\/*! This file is auto-generated *\/\n!function(d,l){\"use strict\";l.querySelector&&d.addEventListener&&\"undefined\"!=typeof URL&&(d.wp=d.wp||{},d.wp.receiveEmbedMessage||(d.wp.receiveEmbedMessage=function(e){var t=e.data;if((t||t.secret||t.message||t.value)&&!\/[^a-zA-Z0-9]\/.test(t.secret)){for(var s,r,n,a=l.querySelectorAll('iframe[data-secret=\"'+t.secret+'\"]'),o=l.querySelectorAll('blockquote[data-secret=\"'+t.secret+'\"]'),c=new RegExp(\"^https?:$\",\"i\"),i=0;i<o.length;i++)o[i].style.display=\"none\";for(i=0;i<a.length;i++)s=a[i],e.source===s.contentWindow&&(s.removeAttribute(\"style\"),\"height\"===t.message?(1e3<(r=parseInt(t.value,10))?r=1e3:~~r<200&&(r=200),s.height=r):\"link\"===t.message&&(r=new URL(s.getAttribute(\"src\")),n=new URL(t.value),c.test(n.protocol))&&n.host===r.host&&l.activeElement===s&&(d.top.location.href=t.value))}},d.addEventListener(\"message\",d.wp.receiveEmbedMessage,!1),l.addEventListener(\"DOMContentLoaded\",function(){for(var e,t,s=l.querySelectorAll(\"iframe.wp-embedded-content\"),r=0;r<s.length;r++)(t=(e=s[r]).getAttribute(\"data-secret\"))||(t=Math.random().toString(36).substring(2,12),e.src+=\"#?secret=\"+t,e.setAttribute(\"data-secret\",t)),e.contentWindow.postMessage({message:\"ready\",secret:t},\"*\")},!1)))}(window,document);\n\/* ]]> *\/\n<\/script>\n","thumbnail_url":"https:\/\/laligue53.org\/wp-content\/uploads\/2020\/09\/salon-education-2016-cregut-mollyseyes-5-scaled.jpg","thumbnail_width":2560,"thumbnail_height":1707,"description":"\u00a0 La La\u00efcit\u00e9 est au c\u0153ur de nombreux d\u00e9bats d\u2019actualit\u00e9s. Sous ce m\u00eame mot se cachent des repr\u00e9sentations diverses. Parmi les mesures prises par le Comit\u00e9 interminist\u00e9riel \u00e0 l\u2019\u00e9galit\u00e9 et \u00e0 la citoyennet\u00e9 du 6 mars 2015, figure une disposition consistant \u00e0 mettre en \u0153uvre des actions afin de r\u00e9affirmer la la\u00efcit\u00e9. L\u2019\u00c9tat promeut en la mati\u00e8re, la mise en place de formations. Elles doivent permettre aux acteurs de l\u2019action publique, techniciens, \u00e9lus ou b\u00e9n\u00e9voles, d\u2019acqu\u00e9rir les notions n\u00e9cessaires \u00e0 l\u2019application de ce principe, dans le respect de la loi. FORMATION Valeurs de la R\u00e9publique et La\u00efcit\u00e9 Cette formation est accessible gratuitement dans la limite des places disponibles. Je m&rsquo;inscris Consulter la brochure Pourquoi suivre cette formation ? La formation Valeurs de la R\u00e9publique et La\u00efcit\u00e9 permet aux agents publics, aux\u00a0professionnels et aux b\u00e9n\u00e9voles associatifs d\u2019\u00eatre au clair avec le principe de la\u00efcit\u00e9, de mieux comprendre comment l\u2019appliquer et l\u2019expliquer dans l\u2019exercice de leurs m\u00e9tiers. Cette formation s\u2019appuie sur le \u00ab Kit La\u00efcit\u00e9 \u00bb con\u00e7u par le Commissariat g\u00e9n\u00e9ral \u00e0 l\u2019\u00e9galit\u00e9 des territoires (CGET). Le public concern\u00e9 \u2022 Professionnels de l\u2019animation\u2022 Agents publics (par exemple agents de restauration scolaire)\u2022 B\u00e9n\u00e9voles associatifs\u2022 Tuteurs (d\u2019apprentis, de jeunes en Service Civique\u2026)\u2022 \u00c9ducateurs sportifs\u2022 \u00c9quipes p\u00e9dagogiques et \u00e9ducatives Objectifs de la formation La formation permettra aux membres de vos \u00e9quipes de : \u2022 Mieux appr\u00e9hender le principe de la\u00efcit\u00e9 dans ses aspects juridiques et historiques\u2022 Mettre en vie le principe de la\u00efcit\u00e9 dans le respect du cadre juridique\u2022 Formuler clairement les obligations pour tous et les droits de chacun\u2022 Intervenir de fa\u00e7on coh\u00e9rente et compl\u00e9mentaire aupr\u00e8s des publics accueillis Contenu de la formation \u2022 Premi\u00e8re appr\u00e9hension du principe de la\u00efcit\u00e9\u2022 Rep\u00e8res historiques\u2022 Rep\u00e8res juridiques et approche philosophique des lois \u2022 \u00c9changes entre professionnels\u2022 Travail sur des cas pratiques\u2022 Apports sur les moyens d\u2019\u00e9tablir le dialogue\u2022 Cadre juridique sp\u00e9cifique \u00e0 la relation socio-\u00e9ducative\u2022 Cadre juridique sp\u00e9cifique \u00e0 l\u2019usage des espaces publics\u2022 Travail sur le discours et la posture professionnelle Renseignements &#038; inscription Pour plus de renseignements contactez Sabine Garlaschi : sabine.garlaschi@laligue53.org 07 69 04 09 05 \u21d0 Vous pouvez vous inscrire en cliquant sur le bouton ci-contre.Vous allez \u00eatre redirig\u00e9.e vers le site de l&#8217;Agence Nationale de la Coh\u00e9sion des territoires (ANCT) : cliquez ensuite sur l&#8217;onglet &#8220;Dates et villes&#8221; pour vous pr\u00e9-inscrire. Les prochaines sessions de formation Dates &#038; horaires \u2022 Du jeudi 28 au vendredi 29 novembre 2024 \u2022 Du mercredi 11 au jeudi 12 d\u00e9cembre 2024 De 9h \u00e0 12h et de 13h30 \u00e0 16h30 Lieu de la formation Salle de formation de la Ligue de l&#8217;enseignement &#8211; FAL 536, boulevard Mur\u00e2t, Laval Organisation de la formation Module tronc commun : 1,5 jour | Module compl\u00e9mentaire : 0,5 jour TH\u00c9MATIQUE OPTIONNELLE PUBLIC VIS\u00c9 EXEMPLES DE STRUCTURES P\u00e9dagogie de la La\u00efcit\u00e9 (relation \u00e9ducative enfants et jeunes) Animateurs, \u00e9ducateurs ATSEM, b\u00e9n\u00e9voles, agents de restauration scolaire\u2026 Collectivit\u00e9s, associations, coll\u00e8ges, lyc\u00e9es\u2026 La\u00efcit\u00e9 et espace public (gestion des espaces publics) \u00c9ducateurs sportifs, agents d\u2019accueil, gardiens ou concierges de structures publiques (stades, piscine, habitats collectifs\u2026), chauffeurs de bus&#8230; Collectivit\u00e9s, services de l\u2019Etat, bailleurs sociaux, structures sous DSP&#8230; La\u00efcit\u00e9 et service public (relation \u00e0 l\u2019usager) Agents d\u2019accueil, travailleurs sociaux, salari\u00e9s du secteur m\u00e9dico-social&#8230;. Collectivit\u00e9s, CCAS, P\u00f4le Emploi, associations, CAF&#8230; MODALIT\u00c9S TECHNIQUES : Certaines sessions sont gratuites car prises en charge par la Direction R\u00e9gionale et D\u00e9partementale de la Jeunesse et des Sports des Pays de la Loire. Seuls les frais de transport et de repas sont \u00e0 votre charge. Contact Sabine Garlaschi Charg\u00e9e de mission secteur Formation sabine.garlaschi@laligue53.org 07 69 04 09 05"}

Formation : Valeurs de la république et laïcité -

<blockquote class="wp-embedded-content" data-secret="LduvlIj8pc"><a href="https://laligue53.org/index.php/formation-valeurs-de-la-republique-et-laicite/">Formation : Valeurs de la république et laïcité</a></blockquote><iframe sandbox="allow-scripts" security="restricted" src="https://laligue53.org/index.php/formation-valeurs-de-la-republique-et-laicite/embed/#?secret=LduvlIj8pc" width="600" height="338" title="« Formation : Valeurs de la république et laïcité » &#8212; " data-secret="LduvlIj8pc" frameborder="0" marginwidth="0" marginheight="0" scrolling="no" class="wp-embedded-content"></iframe><script type="text/javascript">
/* <![CDATA[ */
/*! This file is auto-generated */
!function(d,l){"use strict";l.querySelector&&d.addEventListener&&"undefined"!=typeof URL&&(d.wp=d.wp||{},d.wp.receiveEmbedMessage||(d.wp.receiveEmbedMessage=function(e){var t=e.data;if((t||t.secret||t.message||t.value)&&!/[^a-zA-Z0-9]/.test(t.secret)){for(var s,r,n,a=l.querySelectorAll('iframe[data-secret="'+t.secret+'"]'),o=l.querySelectorAll('blockquote[data-secret="'+t.secret+'"]'),c=new RegExp("^https?:$","i"),i=0;i<o.length;i++)o[i].style.display="none";for(i=0;i<a.length;i++)s=a[i],e.source===s.contentWindow&&(s.removeAttribute("style"),"height"===t.message?(1e3<(r=parseInt(t.value,10))?r=1e3:~~r<200&&(r=200),s.height=r):"link"===t.message&&(r=new URL(s.getAttribute("src")),n=new URL(t.value),c.test(n.protocol))&&n.host===r.host&&l.activeElement===s&&(d.top.location.href=t.value))}},d.addEventListener("message",d.wp.receiveEmbedMessage,!1),l.addEventListener("DOMContentLoaded",function(){for(var e,t,s=l.querySelectorAll("iframe.wp-embedded-content"),r=0;r<s.length;r++)(t=(e=s[r]).getAttribute("data-secret"))||(t=Math.random().toString(36).substring(2,12),e.src+="#?secret="+t,e.setAttribute("data-secret",t)),e.contentWindow.postMessage({message:"ready",secret:t},"*")},!1)))}(window,document);
/* ]]> */
</script>

La Laïcité est au cœur de nombreux débats d’actualités. Sous ce même mot se cachent des représentations diverses. Parmi les mesures prises par le Comité interministériel à l’égalité et à la citoyenneté du 6 mars 2015, figure une disposition consistant à mettre en œuvre des actions afin de réaffirmer la laïcité. L’État promeut en la matière, la mise en place de formations. Elles doivent permettre aux acteurs de l’action publique, techniciens, élus ou bénévoles, d’acquérir les notions nécessaires à l’application de ce principe, dans le respect de la loi. FORMATION Valeurs de la République et Laïcité Cette formation est accessible gratuitement dans la limite des places disponibles. Je m&rsquo;inscris Consulter la brochure Pourquoi suivre cette formation ? La formation Valeurs de la République et Laïcité permet aux agents publics, aux professionnels et aux bénévoles associatifs d’être au clair avec le principe de laïcité, de mieux comprendre comment l’appliquer et l’expliquer dans l’exercice de leurs métiers. Cette formation s’appuie sur le « Kit Laïcité » conçu par le Commissariat général à l’égalité des territoires (CGET). Le public concerné • Professionnels de l’animation• Agents publics (par exemple agents de restauration scolaire)• Bénévoles associatifs• Tuteurs (d’apprentis, de jeunes en Service Civique…)• Éducateurs sportifs• Équipes pédagogiques et éducatives Objectifs de la formation La formation permettra aux membres de vos équipes de : • Mieux appréhender le principe de laïcité dans ses aspects juridiques et historiques• Mettre en vie le principe de laïcité dans le respect du cadre juridique• Formuler clairement les obligations pour tous et les droits de chacun• Intervenir de façon cohérente et complémentaire auprès des publics accueillis Contenu de la formation • Première appréhension du principe de laïcité• Repères historiques• Repères juridiques et approche philosophique des lois • Échanges entre professionnels• Travail sur des cas pratiques• Apports sur les moyens d’établir le dialogue• Cadre juridique spécifique à la relation socio-éducative• Cadre juridique spécifique à l’usage des espaces publics• Travail sur le discours et la posture professionnelle Renseignements &#038; inscription Pour plus de renseignements contactez Sabine Garlaschi : sabine.garlaschi@laligue53.org 07 69 04 09 05 ⇐ Vous pouvez vous inscrire en cliquant sur le bouton ci-contre.Vous allez être redirigé.e vers le site de l&#8217;Agence Nationale de la Cohésion des territoires (ANCT) : cliquez ensuite sur l&#8217;onglet &#8220;Dates et villes&#8221; pour vous pré-inscrire. Les prochaines sessions de formation Dates &#038; horaires • Du jeudi 28 au vendredi 29 novembre 2024 • Du mercredi 11 au jeudi 12 décembre 2024 De 9h à 12h et de 13h30 à 16h30 Lieu de la formation Salle de formation de la Ligue de l&#8217;enseignement &#8211; FAL 536, boulevard Murât, Laval Organisation de la formation Module tronc commun : 1,5 jour | Module complémentaire : 0,5 jour THÉMATIQUE OPTIONNELLE PUBLIC VISÉ EXEMPLES DE STRUCTURES Pédagogie de la Laïcité (relation éducative enfants et jeunes) Animateurs, éducateurs ATSEM, bénévoles, agents de restauration scolaire… Collectivités, associations, collèges, lycées… Laïcité et espace public (gestion des espaces publics) Éducateurs sportifs, agents d’accueil, gardiens ou concierges de structures publiques (stades, piscine, habitats collectifs…), chauffeurs de bus&#8230; Collectivités, services de l’Etat, bailleurs sociaux, structures sous DSP&#8230; Laïcité et service public (relation à l’usager) Agents d’accueil, travailleurs sociaux, salariés du secteur médico-social&#8230;. Collectivités, CCAS, Pôle Emploi, associations, CAF&#8230; MODALITÉS TECHNIQUES : Certaines sessions sont gratuites car prises en charge par la Direction Régionale et Départementale de la Jeunesse et des Sports des Pays de la Loire. Seuls les frais de transport et de repas sont à votre charge. Contact Sabine Garlaschi Chargée de mission secteur Formation sabine.garlaschi@laligue53.org 07 69 04 09 05
