{"version":"1.0","provider_name":"","provider_url":"https:\/\/laligue53.org","author_name":"solene","author_url":"https:\/\/laligue53.org\/index.php\/author\/solene\/","title":"Festi'Pop -","type":"rich","width":600,"height":338,"html":"<blockquote class=\"wp-embedded-content\" data-secret=\"il33IqZ6d7\"><a href=\"https:\/\/laligue53.org\/index.php\/festipop\/\">Festi&rsquo;Pop<\/a><\/blockquote><iframe sandbox=\"allow-scripts\" security=\"restricted\" src=\"https:\/\/laligue53.org\/index.php\/festipop\/embed\/#?secret=il33IqZ6d7\" width=\"600\" height=\"338\" title=\"\u00ab\u00a0Festi&rsquo;Pop\u00a0\u00bb &#8212; \" data-secret=\"il33IqZ6d7\" frameborder=\"0\" marginwidth=\"0\" marginheight=\"0\" scrolling=\"no\" class=\"wp-embedded-content\"><\/iframe><script type=\"text\/javascript\">\n\/* <![CDATA[ *\/\n\/*! This file is auto-generated *\/\n!function(d,l){\"use strict\";l.querySelector&&d.addEventListener&&\"undefined\"!=typeof URL&&(d.wp=d.wp||{},d.wp.receiveEmbedMessage||(d.wp.receiveEmbedMessage=function(e){var t=e.data;if((t||t.secret||t.message||t.value)&&!\/[^a-zA-Z0-9]\/.test(t.secret)){for(var s,r,n,a=l.querySelectorAll('iframe[data-secret=\"'+t.secret+'\"]'),o=l.querySelectorAll('blockquote[data-secret=\"'+t.secret+'\"]'),c=new RegExp(\"^https?:$\",\"i\"),i=0;i<o.length;i++)o[i].style.display=\"none\";for(i=0;i<a.length;i++)s=a[i],e.source===s.contentWindow&&(s.removeAttribute(\"style\"),\"height\"===t.message?(1e3<(r=parseInt(t.value,10))?r=1e3:~~r<200&&(r=200),s.height=r):\"link\"===t.message&&(r=new URL(s.getAttribute(\"src\")),n=new URL(t.value),c.test(n.protocol))&&n.host===r.host&&l.activeElement===s&&(d.top.location.href=t.value))}},d.addEventListener(\"message\",d.wp.receiveEmbedMessage,!1),l.addEventListener(\"DOMContentLoaded\",function(){for(var e,t,s=l.querySelectorAll(\"iframe.wp-embedded-content\"),r=0;r<s.length;r++)(t=(e=s[r]).getAttribute(\"data-secret\"))||(t=Math.random().toString(36).substring(2,12),e.src+=\"#?secret=\"+t,e.setAttribute(\"data-secret\",t)),e.contentWindow.postMessage({message:\"ready\",secret:t},\"*\")},!1)))}(window,document);\n\/* ]]> *\/\n<\/script>\n","description":"Festi&rsquo;Pop Festival de l&rsquo;Education Populaire Premi\u00e8re \u00e9dition Festi&rsquo;Pop En juillet 2023, lors d\u2019un s\u00e9minaire interne, l\u2019\u00e9quipe de la Ligue de l\u2019enseignement &#8211; FAL 53 a eu l&rsquo;envie de cr\u00e9er : un festival de l\u2019\u00c9ducation populaire ! Un rendez-vous pour mieux comprendre ce que recouvre l\u2019\u00c9ducation populaire, reconna\u00eetre son r\u00f4le citoyen et politique, et surtout f\u00e9d\u00e9rer habitant\u00b7es, associations, institutions et collectivit\u00e9s autour d\u2019un moment convivial. Samedi 27 septembre De 8h30 \u00e0 18h Place Mettmann, Laval Le Festival Ce festival a \u00e9t\u00e9 co-construit avec la ville de Laval, Les Francas, Cultures du C\u0153ur, Monde de Femmes, les PEP 53, Accueil et Espoir 53 et le Conseil citoyen. L\u2019\u00e9v\u00e9nement est soutenu par Laval Agglo et le SDJES. NOS OBJECTIFS Mieux comprendre et faire vivre l\u2019\u00c9ducation populaire Promouvoir l\u2019\u00c9ducation populaire, mieux comprendre ce qu\u2019elle recouvre et reconna\u00eetre son r\u00f4le citoyen et politique. Mettre en lumi\u00e8re les savoirs locaux Valoriser les initiatives locales de transmission de savoirs et de savoir-faire. \u00a0 Rassembler pour mieux agir F\u00e9d\u00e9rer associations, institutions, collectivit\u00e9s et habitant\u00b7es autour d\u2019un \u00e9v\u00e9nement collectif. Au programme de la journ\u00e9e A partir de 8h30 Un vide-grenier organis\u00e9 par l\u2019association Monde de Femmes. A partir de 10h Un village associatif et citoyen (ateliers, animations, rencontres) A partir de 11h30 Une agora enregistr\u00e9e par L\u2019Autre Radio A 17h Un concert de Pouvoir d\u2019agir 53 L\u2019inauguration officielle aura lieu \u00e0 10h30, suivie de l&rsquo;agora sur les th\u00e8mes : 11h30 \u00ab Transmettre, agir, s\u2019entraider : et si c\u2019\u00e9tait \u00e7a, l\u2019\u00c9ducation populaire ? \u00bb 14h \u00ab Quel mod\u00e8le \u00e9conomique pour les associations d\u2019Education populaire ? \u00bb 15h30 \u00ab Peut-on r\u00e9concilier l\u2019\u00c9ducation populaire et la culture ? \u00bb Ces tables rondes seront ponctu\u00e9es par des r\u00e9cits d&rsquo;initiatives d&rsquo;Education populaire.","thumbnail_url":"https:\/\/laligue53.org\/wp-content\/uploads\/2025\/09\/Affiche-A3_Festival-EducPop.jpg","thumbnail_width":1754,"thumbnail_height":2480}

Festi&rsquo;Pop Festival de l&rsquo;Education Populaire Première édition Festi&rsquo;Pop En juillet 2023, lors d’un séminaire interne, l’équipe de la Ligue de l’enseignement &#8211; FAL 53 a eu l&rsquo;envie de créer : un festival de l’Éducation populaire ! Un rendez-vous pour mieux comprendre ce que recouvre l’Éducation populaire, reconnaître son rôle citoyen et politique, et surtout fédérer habitant·es, associations, institutions et collectivités autour d’un moment convivial. Samedi 27 septembre De 8h30 à 18h Place Mettmann, Laval Le Festival Ce festival a été co-construit avec la ville de Laval, Les Francas, Cultures du Cœur, Monde de Femmes, les PEP 53, Accueil et Espoir 53 et le Conseil citoyen. L’événement est soutenu par Laval Agglo et le SDJES. NOS OBJECTIFS Mieux comprendre et faire vivre l’Éducation populaire Promouvoir l’Éducation populaire, mieux comprendre ce qu’elle recouvre et reconnaître son rôle citoyen et politique. Mettre en lumière les savoirs locaux Valoriser les initiatives locales de transmission de savoirs et de savoir-faire.   Rassembler pour mieux agir Fédérer associations, institutions, collectivités et habitant·es autour d’un événement collectif. Au programme de la journée A partir de 8h30 Un vide-grenier organisé par l’association Monde de Femmes. A partir de 10h Un village associatif et citoyen (ateliers, animations, rencontres) A partir de 11h30 Une agora enregistrée par L’Autre Radio A 17h Un concert de Pouvoir d’agir 53 L’inauguration officielle aura lieu à 10h30, suivie de l&rsquo;agora sur les thèmes : 11h30 « Transmettre, agir, s’entraider : et si c’était ça, l’Éducation populaire ? » 14h « Quel modèle économique pour les associations d’Education populaire ? » 15h30 « Peut-on réconcilier l’Éducation populaire et la culture ? » Ces tables rondes seront ponctuées par des récits d&rsquo;initiatives d&rsquo;Education populaire.
