{"version":"1.0","provider_name":"","provider_url":"https:\/\/laligue53.org","author_name":"solene","author_url":"https:\/\/laligue53.org\/index.php\/author\/solene\/","title":"DEUX ANNIVERSAIRES ! -","type":"rich","width":600,"height":338,"html":"<blockquote class=\"wp-embedded-content\" data-secret=\"PJxRGpufPJ\"><a href=\"https:\/\/laligue53.org\/index.php\/2018\/06\/04\/deux-anniversaires\/\">DEUX ANNIVERSAIRES !<\/a><\/blockquote><iframe sandbox=\"allow-scripts\" security=\"restricted\" src=\"https:\/\/laligue53.org\/index.php\/2018\/06\/04\/deux-anniversaires\/embed\/#?secret=PJxRGpufPJ\" width=\"600\" height=\"338\" title=\"\u00ab\u00a0DEUX ANNIVERSAIRES !\u00a0\u00bb &#8212; \" data-secret=\"PJxRGpufPJ\" frameborder=\"0\" marginwidth=\"0\" marginheight=\"0\" scrolling=\"no\" class=\"wp-embedded-content\"><\/iframe><script type=\"text\/javascript\">\n\/* <![CDATA[ *\/\n\/*! This file is auto-generated *\/\n!function(d,l){\"use strict\";l.querySelector&&d.addEventListener&&\"undefined\"!=typeof URL&&(d.wp=d.wp||{},d.wp.receiveEmbedMessage||(d.wp.receiveEmbedMessage=function(e){var t=e.data;if((t||t.secret||t.message||t.value)&&!\/[^a-zA-Z0-9]\/.test(t.secret)){for(var s,r,n,a=l.querySelectorAll('iframe[data-secret=\"'+t.secret+'\"]'),o=l.querySelectorAll('blockquote[data-secret=\"'+t.secret+'\"]'),c=new RegExp(\"^https?:$\",\"i\"),i=0;i<o.length;i++)o[i].style.display=\"none\";for(i=0;i<a.length;i++)s=a[i],e.source===s.contentWindow&&(s.removeAttribute(\"style\"),\"height\"===t.message?(1e3<(r=parseInt(t.value,10))?r=1e3:~~r<200&&(r=200),s.height=r):\"link\"===t.message&&(r=new URL(s.getAttribute(\"src\")),n=new URL(t.value),c.test(n.protocol))&&n.host===r.host&&l.activeElement===s&&(d.top.location.href=t.value))}},d.addEventListener(\"message\",d.wp.receiveEmbedMessage,!1),l.addEventListener(\"DOMContentLoaded\",function(){for(var e,t,s=l.querySelectorAll(\"iframe.wp-embedded-content\"),r=0;r<s.length;r++)(t=(e=s[r]).getAttribute(\"data-secret\"))||(t=Math.random().toString(36).substring(2,12),e.src+=\"#?secret=\"+t,e.setAttribute(\"data-secret\",t)),e.contentWindow.postMessage({message:\"ready\",secret:t},\"*\")},!1)))}(window,document);\n\/* ]]> *\/\n<\/script>\n","description":"L\u2019ann\u00e9e 2016 sera pour nous le moment de f\u00eater les 150 ans de la Ligue de l\u2019enseignement et les 70 ans de notre f\u00e9d\u00e9ration d\u00e9partementale. Laura Gendry et \u00c9milie Deletang, en service civique sont en charge de cr\u00e9er des \u00e9v\u00e9nements dans le but de faire conna\u00eetre nos actions et de promouvoir nos valeurs aupr\u00e8s du grand public. Au programme\u00a0de cette ann\u00e9e 2016\u00a0: cin\u00e9ma, caf\u00e9-philo, exposition, journ\u00e9e festive\u2026 Des projets qui avancent Caf\u00e9s philo\u00a0: Notre 1\u00e8re action d\u00e9butera le jeudi 21 janvier 2016 de 19h30 \u00e0 21h00 avec un caf\u00e9 philo sur le th\u00e8me de la la\u00efcit\u00e9\u00a0;\u00a0\u00ab\u00a0La la\u00efcit\u00e9, valeur universelle ou sp\u00e9cificit\u00e9 fran\u00e7aise\u00a0? Quels enjeux se jouent aujourd\u2019hui, ici en France, mais aussi ailleurs dans le monde autour de ce concept\u00a0?\u00a0\u00bb. En collaboration avec Dominique Hamard, ancien avocat et actuel animateur des caf\u00e9s philos de Laval. Les th\u00e9matiques abord\u00e9es porteront sur les principes f\u00e9d\u00e9rateurs de la FAL 53 (libert\u00e9, \u00e9galit\u00e9, fraternit\u00e9, la\u00efcit\u00e9 et citoyennet\u00e9). Les caf\u00e9s philos se d\u00e9rouleront au caf\u00e9 Etienne (M\u00e9diapole) et\/ou dans nos locaux. Cin\u00e9ma\u00a0: Dans le but de faire revivre les \u00ab\u00a0cin\u00e9-club\u00a0\u00bb de l\u2019UFOLEIS (Union Fran\u00e7aise des \u0152uvres La\u00efques d\u2019\u00c9ducation\u00a0par l\u2019Image et par le Son), pr\u00e9sent en Mayenne le si\u00e8cle pass\u00e9, nous avons d\u00e9cid\u00e9 de cr\u00e9er une programmation en partenariat avec Atmosph\u00e8res 53.\u00a0Cette programmation proposera une dizaine de films avec pour th\u00e8mes\u00a0: libert\u00e9, \u00e9galit\u00e9, fraternit\u00e9 et la\u00efcit\u00e9. Cet \u00e9v\u00e9nement se r\u00e9partira sur toute l\u2019ann\u00e9e 2016 \u00e0 raison d\u2019un film par mois,\u00a0\u00e0 l\u2019Avant- sc\u00e8ne et dans les salles rurales du d\u00e9partement. \u00c0 destination des scolaires (coll\u00e8ges, lyc\u00e9es) et du grand public,\u00a0le premier film sera diffus\u00e9 le 24 f\u00e9vrier 2016 \u00e0 l\u2019Avant-Sc\u00e8ne. Dans le but d\u2019amortir le co\u00fbt de nos actions, nous vendons des petits porte cl\u00e9s \u00e0 3\u20ac la pi\u00e8ce.\u00a0N\u2019h\u00e9sitez pas \u00e0 venir nous voir pour les f\u00eates de fin d\u2019ann\u00e9e\u00a0! &nbsp; D\u00e9couvrez la plaquette de pr\u00e9sentation des anniversaires, en cliquant ici.","thumbnail_url":"http:\/\/dev.laligue53.org\/wp-content\/uploads\/2018\/06\/header-aniv.png"}

L’année 2016 sera pour nous le moment de fêter les 150 ans de la Ligue de l’enseignement et les 70 ans de notre fédération départementale. Laura Gendry et Émilie Deletang, en service civique sont en charge de créer des événements dans le but de faire connaître nos actions et de promouvoir nos valeurs auprès du grand public. Au programme de cette année 2016 : cinéma, café-philo, exposition, journée festive… Des projets qui avancent Cafés philo : Notre 1ère action débutera le jeudi 21 janvier 2016 de 19h30 à 21h00 avec un café philo sur le thème de la laïcité ; « La laïcité, valeur universelle ou spécificité française ? Quels enjeux se jouent aujourd’hui, ici en France, mais aussi ailleurs dans le monde autour de ce concept ? ». En collaboration avec Dominique Hamard, ancien avocat et actuel animateur des cafés philos de Laval. Les thématiques abordées porteront sur les principes fédérateurs de la FAL 53 (liberté, égalité, fraternité, laïcité et citoyenneté). Les cafés philos se dérouleront au café Etienne (Médiapole) et/ou dans nos locaux. Cinéma : Dans le but de faire revivre les « ciné-club » de l’UFOLEIS (Union Française des Œuvres Laïques d’Éducation par l’Image et par le Son), présent en Mayenne le siècle passé, nous avons décidé de créer une programmation en partenariat avec Atmosphères 53. Cette programmation proposera une dizaine de films avec pour thèmes : liberté, égalité, fraternité et laïcité. Cet événement se répartira sur toute l’année 2016 à raison d’un film par mois, à l’Avant- scène et dans les salles rurales du département. À destination des scolaires (collèges, lycées) et du grand public, le premier film sera diffusé le 24 février 2016 à l’Avant-Scène. Dans le but d’amortir le coût de nos actions, nous vendons des petits porte clés à 3€ la pièce. N’hésitez pas à venir nous voir pour les fêtes de fin d’année ! &nbsp; Découvrez la plaquette de présentation des anniversaires, en cliquant ici.
